Last updated on 2025-11-03 12:49:47 CET.
| Flavor | Version | Tinstall | Tcheck | Ttotal | Status | Flags | 
|---|---|---|---|---|---|---|
| r-devel-linux-x86_64-debian-clang | 1.0.3 | 2.55 | 32.50 | 35.05 | NOTE | |
| r-devel-linux-x86_64-debian-gcc | 1.0.3 | 1.97 | 25.18 | 27.15 | NOTE | |
| r-devel-linux-x86_64-fedora-clang | 1.0.3 | 17.00 | 40.75 | 57.75 | OK | |
| r-devel-linux-x86_64-fedora-gcc | 1.0.3 | 65.88 | OK | |||
| r-devel-windows-x86_64 | 1.0.3 | 5.00 | 49.00 | 54.00 | OK | |
| r-patched-linux-x86_64 | 1.0.3 | 2.87 | 30.66 | 33.53 | OK | |
| r-release-linux-x86_64 | 1.0.3 | 2.75 | 30.93 | 33.68 | OK | |
| r-release-macos-arm64 | 1.0.3 | 1.00 | 26.00 | 27.00 | OK | |
| r-release-macos-x86_64 | 1.0.3 | 2.00 | 50.00 | 52.00 | OK | |
| r-release-windows-x86_64 | 1.0.3 | 4.00 | 49.00 | 53.00 | OK | |
| r-oldrel-macos-arm64 | 1.0.3 | 1.00 | 32.00 | 33.00 | OK | |
| r-oldrel-macos-x86_64 | 1.0.3 | 2.00 | 39.00 | 41.00 | OK | |
| r-oldrel-windows-x86_64 | 1.0.3 | 5.00 | 65.00 | 70.00 | OK | 
Version: 1.0.3
Check: CRAN incoming feasibility
Result: NOTE
  Maintainer: ‘Michael Turchin <mturchin20@uchicago.edu>’
  
  Package CITATION file contains call(s) to old-style citEntry().  Please
  use bibentry() instead.
  
  Found the following URLs which should use \doi (with the DOI name only):
    File ‘GetModelPriorMatrix.Rd’:
      https://doi.org/10.1371/journal.pone.0065245
    File ‘GlobalLipids2013.GWASsnps.Rd’:
      https://doi.org/10.1038/ng.2797
Flavors: r-devel-linux-x86_64-debian-clang, r-devel-linux-x86_64-debian-gcc