Last updated on 2024-06-14 00:53:36 CEST.
Flavor | Version | Tinstall | Tcheck | Ttotal | Status | Flags |
---|---|---|---|---|---|---|
r-devel-linux-x86_64-debian-clang | 0.1.1 | 7.23 | 103.48 | 110.71 | NOTE | |
r-devel-linux-x86_64-debian-gcc | 0.1.1 | 0.38 | 1.56 | 1.94 | ERROR | |
r-devel-linux-x86_64-fedora-clang | 0.1.1 | 144.09 | NOTE | |||
r-devel-linux-x86_64-fedora-gcc | 0.1.1 | 136.07 | NOTE | |||
r-devel-windows-x86_64 | 0.1.1 | 8.00 | 100.00 | 108.00 | NOTE | |
r-patched-linux-x86_64 | 0.1.1 | 7.41 | 102.72 | 110.13 | NOTE | |
r-release-linux-x86_64 | 0.1.1 | 6.00 | 103.91 | 109.91 | NOTE | |
r-release-macos-arm64 | 0.1.1 | 50.00 | NOTE | |||
r-release-macos-x86_64 | 0.1.1 | 69.00 | NOTE | |||
r-release-windows-x86_64 | 0.1.1 | 8.00 | 95.00 | 103.00 | NOTE | |
r-oldrel-macos-arm64 | 0.1.1 | 54.00 | OK | |||
r-oldrel-macos-x86_64 | 0.1.1 | 73.00 | NOTE | |||
r-oldrel-windows-x86_64 | 0.1.1 | 9.00 | 119.00 | 128.00 | OK |
Version: 0.1.1
Check: Rd files
Result: NOTE
checkRd: (-1) estimate_density.Rd:25: Lost braces; missing escapes or markup?
25 | evenly spaced points between \code{min} and {max}.
| ^
Flavors: r-devel-linux-x86_64-debian-clang, r-devel-linux-x86_64-fedora-clang, r-devel-linux-x86_64-fedora-gcc, r-devel-windows-x86_64, r-patched-linux-x86_64, r-release-linux-x86_64, r-release-macos-arm64, r-release-macos-x86_64, r-release-windows-x86_64
Version: 0.1.1
Check: package dependencies
Result: ERROR
Packages required but not available: 'dplyr', 'ggplot2', 'tibble'
Packages suggested but not available for checking:
'devtools', 'questionr', 'reldist', 'testthat'
See section ‘The DESCRIPTION file’ in the ‘Writing R Extensions’
manual.
Flavor: r-devel-linux-x86_64-debian-gcc
Version: 0.1.1
Check: package dependencies
Result: NOTE
Package suggested but not available for checking: ‘reldist’
Flavor: r-oldrel-macos-x86_64