Last updated on 2024-06-14 00:53:36 CEST.
Flavor | Version | Tinstall | Tcheck | Ttotal | Status | Flags |
---|---|---|---|---|---|---|
r-devel-linux-x86_64-debian-clang | 1.2.4 | 3.25 | 34.12 | 37.37 | OK | |
r-devel-linux-x86_64-debian-gcc | 1.2.4 | 0.33 | 1.54 | 1.87 | ERROR | |
r-devel-linux-x86_64-fedora-clang | 1.2.4 | 46.69 | OK | |||
r-devel-linux-x86_64-fedora-gcc | 1.2.4 | 44.59 | OK | |||
r-devel-windows-x86_64 | 1.2.4 | 4.00 | 52.00 | 56.00 | OK | |
r-patched-linux-x86_64 | 1.2.4 | 3.10 | 32.22 | 35.32 | OK | |
r-release-linux-x86_64 | 1.2.4 | 3.45 | 31.82 | 35.27 | OK | |
r-release-macos-arm64 | 1.2.4 | 18.00 | OK | |||
r-release-macos-x86_64 | 1.2.4 | 25.00 | OK | |||
r-release-windows-x86_64 | 1.2.4 | 4.00 | 46.00 | 50.00 | OK | |
r-oldrel-macos-arm64 | 1.2.4 | 19.00 | OK | |||
r-oldrel-macos-x86_64 | 1.2.4 | 25.00 | OK | |||
r-oldrel-windows-x86_64 | 1.2.4 | 4.00 | 50.00 | 54.00 | OK |
Version: 1.2.4
Check: package dependencies
Result: ERROR
Package required but not available: ‘vctrs’
Packages suggested but not available for checking: 'pillar', 'testthat'
See section ‘The DESCRIPTION file’ in the ‘Writing R Extensions’
manual.
Flavor: r-devel-linux-x86_64-debian-gcc