Last updated on 2025-11-03 12:49:47 CET.
| Flavor | Version | Tinstall | Tcheck | Ttotal | Status | Flags | 
|---|---|---|---|---|---|---|
| r-devel-linux-x86_64-debian-clang | 1.6 | 31.77 | 262.12 | 293.89 | NOTE | |
| r-devel-linux-x86_64-debian-gcc | 1.6 | 22.68 | 162.03 | 184.71 | NOTE | |
| r-devel-linux-x86_64-fedora-clang | 1.6 | 145.00 | 355.39 | 500.39 | OK | |
| r-devel-linux-x86_64-fedora-gcc | 1.6 | 69.00 | 380.24 | 449.24 | OK | |
| r-devel-windows-x86_64 | 1.6 | 29.00 | 204.00 | 233.00 | OK | |
| r-patched-linux-x86_64 | 1.6 | 30.91 | 247.23 | 278.14 | OK | |
| r-release-linux-x86_64 | 1.6 | 31.71 | 249.44 | 281.15 | OK | |
| r-release-macos-arm64 | 1.6 | 13.00 | 91.00 | 104.00 | OK | |
| r-release-macos-x86_64 | 1.6 | 27.00 | 206.00 | 233.00 | OK | |
| r-release-windows-x86_64 | 1.6 | 29.00 | 201.00 | 230.00 | OK | |
| r-oldrel-macos-arm64 | 1.6 | 13.00 | 84.00 | 97.00 | OK | |
| r-oldrel-macos-x86_64 | 1.6 | 20.00 | 141.00 | 161.00 | OK | |
| r-oldrel-windows-x86_64 | 1.6 | 41.00 | 286.00 | 327.00 | OK | 
Version: 1.6
Check: CRAN incoming feasibility
Result: NOTE
  Maintainer: ‘Fraenzi Korner-Nievergelt <fraenzi.korner@vogelwarte.ch>’
  
  No Authors@R field in DESCRIPTION.
  Please add one, modifying
    Authors@R: c(person(given = "Fraenzi",
                        family = "Korner-Nievergelt",
                        role = c("aut", "cre"),
                        email = "fraenzi.korner@vogelwarte.ch"),
                 person(given = "Rob",
                        family = "Robinson",
                        role = "aut"))
  as necessary.
Flavors: r-devel-linux-x86_64-debian-clang, r-devel-linux-x86_64-debian-gcc