Last updated on 2025-11-03 12:49:47 CET.
| Flavor | Version | Tinstall | Tcheck | Ttotal | Status | Flags | 
|---|---|---|---|---|---|---|
| r-devel-linux-x86_64-debian-clang | 0.2 | 31.55 | 32.29 | 63.84 | NOTE | |
| r-devel-linux-x86_64-debian-gcc | 0.2 | 19.63 | 24.66 | 44.29 | NOTE | |
| r-devel-linux-x86_64-fedora-clang | 0.2 | 111.00 | 7.77 | 118.77 | OK | |
| r-devel-linux-x86_64-fedora-gcc | 0.2 | 48.00 | 51.62 | 99.62 | OK | |
| r-devel-windows-x86_64 | 0.2 | 39.00 | 71.00 | 110.00 | OK | |
| r-patched-linux-x86_64 | 0.2 | 31.04 | 30.50 | 61.54 | OK | |
| r-release-linux-x86_64 | 0.2 | 31.85 | 30.69 | 62.54 | OK | |
| r-release-macos-arm64 | 0.2 | 13.00 | 22.00 | 35.00 | OK | |
| r-release-macos-x86_64 | 0.2 | 20.00 | 31.00 | 51.00 | OK | |
| r-release-windows-x86_64 | 0.2 | 37.00 | 69.00 | 106.00 | OK | |
| r-oldrel-macos-arm64 | 0.2 | 10.00 | 21.00 | 31.00 | NOTE | |
| r-oldrel-macos-x86_64 | 0.2 | 22.00 | 30.00 | 52.00 | NOTE | |
| r-oldrel-windows-x86_64 | 0.2 | 45.00 | 78.00 | 123.00 | NOTE | 
Version: 0.2
Check: CRAN incoming feasibility
Result: NOTE
  Maintainer: ‘Chih-Li Sung <iamdfchile@gmail.com>’
  
  No Authors@R field in DESCRIPTION.
  Please add one, modifying
    Authors@R: person(given = "Chih-Li",
                      family = "Sung",
                      role = c("aut", "cre"),
                      email = "iamdfchile@gmail.com")
  as necessary.
  
  The Description field contains
    can be seen in Sung et al (2017) <arXiv:1705.02511>.
  Please refer to arXiv e-prints via their arXiv DOI <doi:10.48550/arXiv.YYMM.NNNNN>.
Flavors: r-devel-linux-x86_64-debian-clang, r-devel-linux-x86_64-debian-gcc
Version: 0.2
Check: LazyData
Result: NOTE
    'LazyData' is specified without a 'data' directory
Flavors: r-oldrel-macos-arm64, r-oldrel-macos-x86_64, r-oldrel-windows-x86_64