Last updated on 2024-07-01 01:48:56 CEST.
Flavor | Version | Tinstall | Tcheck | Ttotal | Status | Flags |
---|---|---|---|---|---|---|
r-devel-linux-x86_64-debian-clang | 0.2 | 55.87 | 38.62 | 94.49 | NOTE | |
r-devel-linux-x86_64-debian-gcc | 0.2 | 37.41 | 29.56 | 66.97 | NOTE | |
r-devel-linux-x86_64-fedora-clang | 0.2 | 139.46 | NOTE | |||
r-devel-linux-x86_64-fedora-gcc | 0.2 | 139.78 | NOTE | |||
r-devel-windows-x86_64 | 0.2 | 43.00 | 66.00 | 109.00 | NOTE | |
r-patched-linux-x86_64 | 0.2 | 43.50 | 36.51 | 80.01 | NOTE | |
r-release-linux-x86_64 | 0.2 | 39.95 | 36.53 | 76.48 | NOTE | |
r-release-macos-arm64 | 0.2 | 36.00 | NOTE | |||
r-release-macos-x86_64 | 0.2 | 52.00 | NOTE | |||
r-release-windows-x86_64 | 0.2 | 43.00 | 68.00 | 111.00 | NOTE | |
r-oldrel-macos-arm64 | 0.2 | 37.00 | NOTE | |||
r-oldrel-macos-x86_64 | 0.2 | 61.00 | NOTE | |||
r-oldrel-windows-x86_64 | 0.2 | 51.00 | 79.00 | 130.00 | NOTE |
Version: 0.2
Check: LazyData
Result: NOTE
'LazyData' is specified without a 'data' directory
Flavors: r-devel-linux-x86_64-debian-clang, r-devel-linux-x86_64-debian-gcc, r-devel-linux-x86_64-fedora-clang, r-devel-linux-x86_64-fedora-gcc, r-devel-windows-x86_64, r-patched-linux-x86_64, r-release-linux-x86_64, r-release-macos-arm64, r-release-macos-x86_64, r-release-windows-x86_64, r-oldrel-macos-arm64, r-oldrel-macos-x86_64, r-oldrel-windows-x86_64