Last updated on 2024-08-17 02:48:08 CEST.
Flavor | Version | Tinstall | Tcheck | Ttotal | Status | Flags |
---|---|---|---|---|---|---|
r-devel-linux-x86_64-debian-clang | 0.1.3 | 84.82 | 89.59 | 174.41 | OK | |
r-devel-linux-x86_64-debian-gcc | 0.1.3 | 58.55 | 61.05 | 119.60 | OK | |
r-devel-linux-x86_64-fedora-clang | 0.1.3 | 321.23 | OK | |||
r-devel-linux-x86_64-fedora-gcc | 0.1.3 | 319.53 | OK | |||
r-devel-windows-x86_64 | 0.1.3 | 95.00 | 111.00 | 206.00 | OK | |
r-patched-linux-x86_64 | 0.1.3 | 84.09 | 83.40 | 167.49 | OK | |
r-release-linux-x86_64 | 0.1.3 | 83.91 | 84.15 | 168.06 | OK | |
r-release-macos-arm64 | 0.1.3 | 76.00 | NOTE | |||
r-release-macos-x86_64 | 0.1.3 | 90.00 | NOTE | |||
r-release-windows-x86_64 | 0.1.3 | 97.00 | 109.00 | 206.00 | OK | |
r-oldrel-macos-arm64 | 0.1.3 | 86.00 | NOTE | |||
r-oldrel-macos-x86_64 | 0.1.3 | 120.00 | NOTE | |||
r-oldrel-windows-x86_64 | 0.1.3 | 113.00 | 138.00 | 251.00 | OK |
Version: 0.1.3
Check: installed package size
Result: NOTE
installed size is 7.1Mb
sub-directories of 1Mb or more:
help 2.2Mb
libs 4.6Mb
Flavors: r-release-macos-arm64, r-release-macos-x86_64, r-oldrel-macos-arm64, r-oldrel-macos-x86_64