Last updated on 2024-07-18 01:55:26 CEST.
Flavor | Version | Tinstall | Tcheck | Ttotal | Status | Flags |
---|---|---|---|---|---|---|
r-devel-linux-x86_64-debian-clang | 3.7 | 162.76 | 138.37 | 301.13 | OK | |
r-devel-linux-x86_64-debian-gcc | 3.7 | 114.91 | 95.33 | 210.24 | OK | |
r-devel-linux-x86_64-fedora-clang | 3.7 | 490.03 | NOTE | |||
r-devel-linux-x86_64-fedora-gcc | 3.7 | 427.53 | OK | |||
r-devel-windows-x86_64 | 3.7 | 146.00 | 147.00 | 293.00 | OK | |
r-patched-linux-x86_64 | 3.7 | 138.34 | 129.59 | 267.93 | OK | |
r-release-linux-x86_64 | 3.7 | 140.19 | 135.09 | 275.28 | OK | |
r-release-macos-arm64 | 3.7 | 89.00 | NOTE | |||
r-release-macos-x86_64 | 3.7 | 117.00 | NOTE | |||
r-release-windows-x86_64 | 3.7 | 148.00 | 149.00 | 297.00 | OK | |
r-oldrel-macos-arm64 | 3.7 | 99.00 | NOTE | |||
r-oldrel-macos-x86_64 | 3.7 | 139.00 | NOTE | |||
r-oldrel-windows-x86_64 | 3.7 | 170.00 | 173.00 | 343.00 | OK |
Version: 3.7
Check: Rd cross-references
Result: NOTE
Undeclared package ‘mvtnorm’ in Rd xrefs
Flavor: r-devel-linux-x86_64-fedora-clang
Version: 3.7
Check: installed package size
Result: NOTE
installed size is 5.9Mb
sub-directories of 1Mb or more:
libs 4.7Mb
Flavors: r-release-macos-arm64, r-release-macos-x86_64, r-oldrel-macos-arm64, r-oldrel-macos-x86_64