Last updated on 2024-07-18 01:55:26 CEST.
Flavor | Version | Tinstall | Tcheck | Ttotal | Status | Flags |
---|---|---|---|---|---|---|
r-devel-linux-x86_64-debian-clang | 5.2-0 | 14.82 | 99.22 | 114.04 | NOTE | |
r-devel-linux-x86_64-debian-gcc | 5.2-0 | 10.80 | 70.83 | 81.63 | NOTE | |
r-devel-linux-x86_64-fedora-clang | 5.2-0 | 136.51 | NOTE | |||
r-devel-linux-x86_64-fedora-gcc | 5.2-0 | 134.75 | NOTE | |||
r-devel-windows-x86_64 | 5.2-0 | 19.00 | 102.00 | 121.00 | NOTE | |
r-patched-linux-x86_64 | 5.2-0 | 9.77 | 95.50 | 105.27 | NOTE | |
r-release-linux-x86_64 | 5.2-0 | 11.82 | 93.89 | 105.71 | NOTE | |
r-release-macos-arm64 | 5.2-0 | 40.00 | NOTE | |||
r-release-macos-x86_64 | 5.2-0 | 58.00 | NOTE | |||
r-release-windows-x86_64 | 5.2-0 | 17.00 | 103.00 | 120.00 | NOTE | |
r-oldrel-macos-arm64 | 5.2-0 | 43.00 | OK | |||
r-oldrel-macos-x86_64 | 5.2-0 | 107.00 | OK | |||
r-oldrel-windows-x86_64 | 5.2-0 | 21.00 | 122.00 | 143.00 | OK |
Version: 5.2-0
Check: Rd files
Result: NOTE
checkRd: (-1) convert.trajectories.Rd:21: Lost braces in \itemize; meant \describe ?
checkRd: (-1) convert.trajectories.Rd:22: Lost braces in \itemize; meant \describe ?
checkRd: (-1) convert.trajectories.Rd:23: Lost braces in \itemize; meant \describe ?
checkRd: (-1) convert.trajectories.Rd:24: Lost braces in \itemize; meant \describe ?
checkRd: (-1) convert.trajectories.Rd:25: Lost braces in \itemize; meant \describe ?
checkRd: (-1) write.projection.summary.Rd:21: Lost braces in \itemize; meant \describe ?
checkRd: (-1) write.projection.summary.Rd:22: Lost braces in \itemize; meant \describe ?
checkRd: (-1) write.projection.summary.Rd:23: Lost braces in \itemize; meant \describe ?
checkRd: (-1) write.projection.summary.Rd:24: Lost braces in \itemize; meant \describe ?
checkRd: (-1) write.projection.summary.Rd:25: Lost braces in \itemize; meant \describe ?
checkRd: (-1) write.projection.summary.Rd:26: Lost braces in \itemize; meant \describe ?
checkRd: (-1) write.projection.summary.Rd:30: Lost braces in \itemize; meant \describe ?
checkRd: (-1) write.projection.summary.Rd:31: Lost braces in \itemize; meant \describe ?
checkRd: (-1) write.projection.summary.Rd:32: Lost braces in \itemize; meant \describe ?
checkRd: (-1) write.projection.summary.Rd:33: Lost braces in \itemize; meant \describe ?
checkRd: (-1) write.projection.summary.Rd:34: Lost braces in \itemize; meant \describe ?
Flavors: r-devel-linux-x86_64-debian-clang, r-devel-linux-x86_64-debian-gcc, r-devel-linux-x86_64-fedora-clang, r-devel-linux-x86_64-fedora-gcc, r-devel-windows-x86_64, r-patched-linux-x86_64, r-release-linux-x86_64, r-release-macos-arm64, r-release-macos-x86_64, r-release-windows-x86_64