Last updated on 2024-07-18 01:55:26 CEST.
Flavor | Version | Tinstall | Tcheck | Ttotal | Status | Flags |
---|---|---|---|---|---|---|
r-devel-linux-x86_64-debian-clang | 1.0 | 46.86 | 128.66 | 175.52 | OK | |
r-devel-linux-x86_64-debian-gcc | 1.0 | 34.95 | 95.02 | 129.97 | OK | |
r-devel-linux-x86_64-fedora-clang | 1.0 | 232.25 | OK | |||
r-devel-linux-x86_64-fedora-gcc | 1.0 | 216.22 | OK | |||
r-devel-windows-x86_64 | 1.0 | 41.00 | 152.00 | 193.00 | ERROR | |
r-patched-linux-x86_64 | 1.0 | 41.01 | 125.16 | 166.17 | OK | |
r-release-linux-x86_64 | 1.0 | 40.46 | 127.05 | 167.51 | OK | |
r-release-macos-arm64 | 1.0 | 60.00 | OK | |||
r-release-macos-x86_64 | 1.0 | 106.00 | OK | |||
r-release-windows-x86_64 | 1.0 | 41.00 | 157.00 | 198.00 | OK | |
r-oldrel-macos-arm64 | 1.0 | 72.00 | OK | |||
r-oldrel-macos-x86_64 | 1.0 | 108.00 | OK | |||
r-oldrel-windows-x86_64 | 1.0 | 49.00 | 200.00 | 249.00 | OK |
Version: 1.0
Check: examples
Result: ERROR
Running examples in 'bayesCureRateModel-Ex.R' failed
The error most likely occurred in:
> ### Name: summary.bayesCureModel
> ### Title: Summary method.
> ### Aliases: summary.bayesCureModel
>
> ### ** Examples
>
> # simulate toy data just for cran-check purposes
> set.seed(1)
> n = 4
> stat = rbinom(n, size = 1, prob = 0.5)
> x <- cbind(1, matrix(rnorm(2*n), n, 2))
> y <- rexp(n)
> fit1 <- cure_rate_MC3(y = y, X = x, Censoring_status = stat,
+ promotion_time = list(distribution = 'exponential'),
+ nChains = 2, nCores = 1,
+ mcmc_cycles = 3, sweep = 2)
> mySummary <- summary(fit1, burn = 0)
Error in mvnX(data = data, prior = prior) :
NA/NaN/Inf in foreign function call (arg 1)
Calls: summary ... eval -> eval -> mclustBIC -> mvn -> eval -> eval -> mvnX
Execution halted
Flavor: r-devel-windows-x86_64