Last updated on 2024-06-14 00:53:35 CEST.
Flavor | Version | Tinstall | Tcheck | Ttotal | Status | Flags |
---|---|---|---|---|---|---|
r-devel-linux-x86_64-debian-clang | 0.99.3 | 14.24 | 380.02 | 394.26 | OK | |
r-devel-linux-x86_64-debian-gcc | 0.99.3 | 0.45 | 1.89 | 2.34 | ERROR | |
r-devel-linux-x86_64-fedora-clang | 0.99.3 | 488.48 | OK | |||
r-devel-linux-x86_64-fedora-gcc | 0.99.3 | 475.34 | OK | |||
r-devel-windows-x86_64 | 0.99.3 | 13.00 | 249.00 | 262.00 | OK | |
r-patched-linux-x86_64 | 0.99.3 | 22.34 | 360.62 | 382.96 | OK | |
r-release-linux-x86_64 | 0.99.3 | 13.81 | 362.23 | 376.04 | OK | |
r-release-macos-arm64 | 0.99.3 | 121.00 | OK | |||
r-release-macos-x86_64 | 0.99.3 | 479.00 | OK | |||
r-release-windows-x86_64 | 0.99.3 | 15.00 | 251.00 | 266.00 | OK | |
r-oldrel-macos-arm64 | 0.99.3 | 135.00 | OK | |||
r-oldrel-macos-x86_64 | 0.99.3 | 269.00 | OK | |||
r-oldrel-windows-x86_64 | 0.99.3 | 18.00 | 348.00 | 366.00 | OK |
Version: 0.99.3
Check: package dependencies
Result: ERROR
Packages required but not available: 'bayesDP', 'dplyr', 'purrr'
Packages suggested but not available for checking:
'testthat', 'pkgdown', 'devtools'
See section ‘The DESCRIPTION file’ in the ‘Writing R Extensions’
manual.
Flavor: r-devel-linux-x86_64-debian-gcc