Last updated on 2025-11-03 12:49:46 CET.
| Flavor | Version | Tinstall | Tcheck | Ttotal | Status | Flags | 
|---|---|---|---|---|---|---|
| r-devel-linux-x86_64-debian-clang | 1.3.4.1 | 11.08 | 104.74 | 115.82 | NOTE | |
| r-devel-linux-x86_64-debian-gcc | 1.3.4.1 | 7.86 | 74.84 | 82.70 | NOTE | |
| r-devel-linux-x86_64-fedora-clang | 1.3.4.1 | 23.00 | 151.29 | 174.29 | OK | |
| r-devel-linux-x86_64-fedora-gcc | 1.3.4.1 | 23.00 | 158.10 | 181.10 | OK | |
| r-devel-windows-x86_64 | 1.3.4.1 | 9.00 | 98.00 | 107.00 | OK | |
| r-patched-linux-x86_64 | 1.3.4.1 | 11.73 | 100.70 | 112.43 | OK | |
| r-release-linux-x86_64 | 1.3.4.1 | 9.85 | 100.58 | 110.43 | OK | |
| r-release-macos-arm64 | 1.3.4.1 | 3.00 | 45.00 | 48.00 | OK | |
| r-release-macos-x86_64 | 1.3.4.1 | 5.00 | 75.00 | 80.00 | OK | |
| r-release-windows-x86_64 | 1.3.4.1 | 13.00 | 124.00 | 137.00 | OK | |
| r-oldrel-macos-arm64 | 1.3.4.1 | 3.00 | 42.00 | 45.00 | OK | |
| r-oldrel-macos-x86_64 | 1.3.4.1 | 7.00 | 72.00 | 79.00 | OK | |
| r-oldrel-windows-x86_64 | 1.3.4.1 | 15.00 | 150.00 | 165.00 | OK | 
Version: 1.3.4.1
Check: CRAN incoming feasibility
Result: NOTE
  Maintainer: ‘Adam Kapelner <kapelner@qc.cuny.edu>’
  
  No Authors@R field in DESCRIPTION.
  Please add one, modifying
    Authors@R: c(person(given = "Adam",
                        family = "Kapelner",
                        role = c("aut", "cre"),
                        email = "kapelner@qc.cuny.edu"),
                 person(given = "Justin",
                        family = "Bleich",
                        role = "aut",
                        comment = c(ROR = "R package")))
  as necessary.
Flavors: r-devel-linux-x86_64-debian-clang, r-devel-linux-x86_64-debian-gcc