Last updated on 2024-06-14 00:53:35 CEST.
Flavor | Version | Tinstall | Tcheck | Ttotal | Status | Flags |
---|---|---|---|---|---|---|
r-devel-linux-x86_64-debian-clang | 0.9.6 | 5.85 | 67.40 | 73.25 | OK | |
r-devel-linux-x86_64-debian-gcc | 0.9.6 | 0.36 | 1.76 | 2.12 | ERROR | |
r-devel-linux-x86_64-fedora-clang | 0.9.6 | 96.55 | OK | |||
r-devel-linux-x86_64-fedora-gcc | 0.9.6 | 87.57 | OK | |||
r-devel-windows-x86_64 | 0.9.6 | 6.00 | 76.00 | 82.00 | OK | |
r-patched-linux-x86_64 | 0.9.6 | 9.14 | 66.44 | 75.58 | OK | |
r-release-linux-x86_64 | 0.9.6 | 3.86 | 63.89 | 67.75 | OK | |
r-release-macos-arm64 | 0.9.6 | 33.00 | OK | |||
r-release-macos-x86_64 | 0.9.6 | 47.00 | OK | |||
r-release-windows-x86_64 | 0.9.6 | 6.00 | 77.00 | 83.00 | OK | |
r-oldrel-macos-arm64 | 0.9.6 | 37.00 | OK | |||
r-oldrel-macos-x86_64 | 0.9.6 | 51.00 | OK | |||
r-oldrel-windows-x86_64 | 0.9.6 | 8.00 | 88.00 | 96.00 | OK |
Version: 0.9.6
Check: package dependencies
Result: ERROR
Packages required but not available:
'dplyr', 'ggplot2', 'rfPermute', 'swfscMisc', 'tibble', 'tidyr'
Package suggested but not available for checking: ‘testthat’
See section ‘The DESCRIPTION file’ in the ‘Writing R Extensions’
manual.
Flavor: r-devel-linux-x86_64-debian-gcc