Last updated on 2025-11-03 12:49:46 CET.
| Flavor | Version | Tinstall | Tcheck | Ttotal | Status | Flags | 
|---|---|---|---|---|---|---|
| r-devel-linux-x86_64-debian-clang | 0.3.0 | 1.67 | 19.93 | 21.60 | NOTE | |
| r-devel-linux-x86_64-debian-gcc | 0.3.0 | 1.44 | 16.33 | 17.77 | NOTE | |
| r-devel-linux-x86_64-fedora-clang | 0.3.0 | 32.33 | OK | |||
| r-devel-linux-x86_64-fedora-gcc | 0.3.0 | 30.03 | OK | |||
| r-devel-windows-x86_64 | 0.3.0 | 3.00 | 38.00 | 41.00 | OK | |
| r-patched-linux-x86_64 | 0.3.0 | 1.73 | 18.70 | 20.43 | OK | |
| r-release-linux-x86_64 | 0.3.0 | 1.48 | 18.62 | 20.10 | OK | |
| r-release-macos-arm64 | 0.3.0 | 1.00 | 15.00 | 16.00 | OK | |
| r-release-macos-x86_64 | 0.3.0 | 3.00 | 34.00 | 37.00 | OK | |
| r-release-windows-x86_64 | 0.3.0 | 3.00 | 38.00 | 41.00 | OK | |
| r-oldrel-macos-arm64 | 0.3.0 | 1.00 | 21.00 | 22.00 | NOTE | |
| r-oldrel-macos-x86_64 | 0.3.0 | 2.00 | 20.00 | 22.00 | NOTE | |
| r-oldrel-windows-x86_64 | 0.3.0 | 3.00 | 48.00 | 51.00 | NOTE | 
Version: 0.3.0
Check: CRAN incoming feasibility
Result: NOTE
  Maintainer: ‘Damien Challet <damien.challet@gmail.com>’
  
  No Authors@R field in DESCRIPTION.
  Please add one, modifying
    Authors@R: c(person(given = "Christian",
                        family = "Bongiorno",
                        role = "aut"),
                 person(given = "Damien",
                        family = "Challet",
                        role = c("aut", "cre"),
                        email = "damien.challet@gmail.com"))
  as necessary.
  
  The Description field contains
    hierarchies (2020) <arXiv:2003.05807> and Ch. Bongiorno and D. Challet,
    cleaning (2020) <arXiv:2005.08703>.
  Please refer to arXiv e-prints via their arXiv DOI <doi:10.48550/arXiv.YYMM.NNNNN>.
Flavors: r-devel-linux-x86_64-debian-clang, r-devel-linux-x86_64-debian-gcc
Version: 0.3.0
Check: LazyData
Result: NOTE
    'LazyData' is specified without a 'data' directory
Flavors: r-oldrel-macos-arm64, r-oldrel-macos-x86_64, r-oldrel-windows-x86_64