Last updated on 2025-11-03 12:49:46 CET.
| Flavor | Version | Tinstall | Tcheck | Ttotal | Status | Flags |
|---|---|---|---|---|---|---|
| r-devel-linux-x86_64-debian-clang | 0.7.11 | 651.59 | 315.07 | 966.66 | OK | |
| r-devel-linux-x86_64-debian-gcc | 0.7.11 | 618.09 | 262.54 | 880.63 | OK | |
| r-devel-linux-x86_64-fedora-clang | 0.7.11 | 1380.00 | 116.13 | 1496.13 | OK | |
| r-devel-linux-x86_64-fedora-gcc | 0.7.11 | 1920.00 | 103.53 | 2023.53 | OK | |
| r-devel-windows-x86_64 | 0.7.11 | 712.00 | 393.00 | 1105.00 | OK | |
| r-patched-linux-x86_64 | 0.7.11 | 807.96 | 372.31 | 1180.27 | OK | |
| r-release-linux-x86_64 | 0.7.11 | 765.94 | 363.95 | 1129.89 | OK | |
| r-release-macos-arm64 | 0.7.11 | 248.00 | 76.00 | 324.00 | OK | |
| r-release-macos-x86_64 | 0.7.11 | 228.00 | 253.00 | 481.00 | OK | |
| r-release-windows-x86_64 | 0.7.11 | 707.00 | 380.00 | 1087.00 | OK | |
| r-oldrel-macos-arm64 | 0.7.11 | 347.00 | 118.00 | 465.00 | NOTE | |
| r-oldrel-macos-x86_64 | 0.7.11 | 210.00 | 218.00 | 428.00 | NOTE | |
| r-oldrel-windows-x86_64 | 0.7.11 | 797.00 | 497.00 | 1294.00 | NOTE |
Version: 0.7.11
Check: installed package size
Result: NOTE
installed size is 134.4Mb
sub-directories of 1Mb or more:
libs 132.6Mb
Flavors: r-oldrel-macos-arm64, r-oldrel-macos-x86_64, r-oldrel-windows-x86_64
Version: 0.7.11
Check: for GNU extensions in Makefiles
Result: NOTE
GNU make is a SystemRequirements.
Flavors: r-oldrel-macos-arm64, r-oldrel-macos-x86_64