Last updated on 2025-11-03 12:49:46 CET.
| Flavor | Version | Tinstall | Tcheck | Ttotal | Status | Flags | 
|---|---|---|---|---|---|---|
| r-devel-linux-x86_64-debian-clang | 0.3-0 | 3.42 | 179.67 | 183.09 | NOTE | |
| r-devel-linux-x86_64-debian-gcc | 0.3-0 | 2.83 | 132.80 | 135.63 | NOTE | |
| r-devel-linux-x86_64-fedora-clang | 0.3-0 | 20.00 | 273.54 | 293.54 | OK | |
| r-devel-linux-x86_64-fedora-gcc | 0.3-0 | 308.57 | OK | |||
| r-devel-windows-x86_64 | 0.3-0 | 5.00 | 82.00 | 87.00 | OK | --no-vignettes | 
| r-patched-linux-x86_64 | 0.3-0 | 3.73 | 177.42 | 181.15 | OK | |
| r-release-linux-x86_64 | 0.3-0 | 3.59 | 179.04 | 182.63 | OK | |
| r-release-macos-arm64 | 0.3-0 | 2.00 | 142.00 | 144.00 | OK | |
| r-release-macos-x86_64 | 0.3-0 | 5.00 | 290.00 | 295.00 | OK | |
| r-release-windows-x86_64 | 0.3-0 | 4.00 | 86.00 | 90.00 | OK | --no-vignettes | 
| r-oldrel-macos-arm64 | 0.3-0 | 2.00 | 132.00 | 134.00 | OK | |
| r-oldrel-macos-x86_64 | 0.3-0 | 3.00 | 217.00 | 220.00 | OK | |
| r-oldrel-windows-x86_64 | 0.3-0 | 5.00 | 89.00 | 94.00 | OK | --no-vignettes | 
Version: 0.3-0
Check: CRAN incoming feasibility
Result: NOTE
  Maintainer: ‘Adam B. Olshen <adam.olshen@ucsf.edu>’
  
  No Authors@R field in DESCRIPTION.
  Please add one, modifying
    Authors@R: c(person(given = c("Adam", "B."),
                        family = "Olshen",
                        role = c("aut", "cre"),
                        email = "adam.olshen@ucsf.edu"),
                 person(given = c("Richard", "A."),
                        family = "Olshen",
                        role = "aut"),
                 person(given = c("Barry", "S."),
                        family = "Taylor",
                        role = "aut"))
  as necessary.
Flavors: r-devel-linux-x86_64-debian-clang, r-devel-linux-x86_64-debian-gcc