Last updated on 2025-11-03 12:49:46 CET.
| Flavor | Version | Tinstall | Tcheck | Ttotal | Status | Flags | 
|---|---|---|---|---|---|---|
| r-devel-linux-x86_64-debian-clang | 0.1.4 | 1.34 | 24.98 | 26.32 | NOTE | |
| r-devel-linux-x86_64-debian-gcc | 0.1.4 | 1.79 | 20.57 | 22.36 | NOTE | |
| r-devel-linux-x86_64-fedora-clang | 0.1.4 | 17.00 | 21.88 | 38.88 | OK | |
| r-devel-linux-x86_64-fedora-gcc | 0.1.4 | 36.16 | OK | |||
| r-devel-windows-x86_64 | 0.1.4 | 6.00 | 61.00 | 67.00 | OK | |
| r-patched-linux-x86_64 | 0.1.4 | 2.24 | 22.42 | 24.66 | OK | |
| r-release-linux-x86_64 | 0.1.4 | 2.09 | 22.78 | 24.87 | OK | |
| r-release-macos-arm64 | 0.1.4 | 3.00 | 33.00 | 36.00 | OK | |
| r-release-macos-x86_64 | 0.1.4 | 2.00 | 29.00 | 31.00 | OK | |
| r-release-windows-x86_64 | 0.1.4 | 6.00 | 60.00 | 66.00 | OK | |
| r-oldrel-macos-arm64 | 0.1.4 | 1.00 | 17.00 | 18.00 | OK | |
| r-oldrel-macos-x86_64 | 0.1.4 | 2.00 | 23.00 | 25.00 | OK | |
| r-oldrel-windows-x86_64 | 0.1.4 | 6.00 | 65.00 | 71.00 | OK | 
Version: 0.1.4
Check: CRAN incoming feasibility
Result: NOTE
  Maintainer: ‘Simon Urbanek <simon.urbanek@R-project.org>’
  
  Package CITATION file contains call(s) to old-style personList() or
  as.personList().  Please use c() on person objects instead.
  Package CITATION file contains call(s) to old-style citEntry().  Please
  use bibentry() instead.
Flavors: r-devel-linux-x86_64-debian-clang, r-devel-linux-x86_64-debian-gcc