Last updated on 2024-07-18 01:55:26 CEST.
Flavor | Version | Tinstall | Tcheck | Ttotal | Status | Flags |
---|---|---|---|---|---|---|
r-devel-linux-x86_64-debian-clang | 1.4.3 | 80.85 | 128.06 | 208.91 | NOTE | |
r-devel-linux-x86_64-debian-gcc | 1.4.3 | 62.89 | 96.24 | 159.13 | NOTE | |
r-devel-linux-x86_64-fedora-clang | 1.4.3 | 275.99 | NOTE | |||
r-devel-linux-x86_64-fedora-gcc | 1.4.3 | 284.31 | WARN | |||
r-devel-windows-x86_64 | 1.4.3 | 64.00 | 123.00 | 187.00 | NOTE | |
r-patched-linux-x86_64 | 1.4.3 | 71.77 | 120.71 | 192.48 | NOTE | |
r-release-linux-x86_64 | 1.4.3 | 77.75 | 121.95 | 199.70 | NOTE | |
r-release-macos-arm64 | 1.4.3 | 62.00 | NOTE | |||
r-release-macos-x86_64 | 1.4.3 | 106.00 | NOTE | |||
r-release-windows-x86_64 | 1.4.3 | 62.00 | 123.00 | 185.00 | NOTE | |
r-oldrel-macos-arm64 | 1.4.3 | 75.00 | NOTE | |||
r-oldrel-macos-x86_64 | 1.4.3 | 124.00 | NOTE | |||
r-oldrel-windows-x86_64 | 1.4.3 | 79.00 | 145.00 | 224.00 | NOTE |
Version: 1.4.3
Check: C++ specification
Result: NOTE
Specified C++11: please drop specification unless essential
Flavors: r-devel-linux-x86_64-debian-clang, r-devel-linux-x86_64-debian-gcc, r-devel-linux-x86_64-fedora-clang, r-devel-linux-x86_64-fedora-gcc, r-devel-windows-x86_64, r-patched-linux-x86_64, r-release-linux-x86_64, r-release-macos-arm64, r-release-macos-x86_64, r-release-windows-x86_64, r-oldrel-macos-arm64, r-oldrel-macos-x86_64, r-oldrel-windows-x86_64
Version: 1.4.3
Check: whether package can be installed
Result: WARN
Found the following significant warnings:
/data/gannet/ripley/R/test-dev/RSpectra/include/Spectra/MatOp/internal/ArnoldiOp.h:112:44: warning: template-id not allowed for constructor in C++20 [-Wtemplate-id-cdtor]
See ‘/data/gannet/ripley/R/packages/tests-devel/autoFRK.Rcheck/00install.out’ for details.
* used C compiler: ‘gcc-14 (GCC) 14.1.0’
* used C++ compiler: ‘g++-14 (GCC) 14.1.0’
Flavor: r-devel-linux-x86_64-fedora-gcc
Version: 1.4.3
Check: installed package size
Result: NOTE
installed size is 26.6Mb
sub-directories of 1Mb or more:
libs 26.4Mb
Flavors: r-release-macos-arm64, r-release-macos-x86_64, r-oldrel-macos-arm64, r-oldrel-macos-x86_64