CRAN Package Check Results for Package audrex

Last updated on 2025-07-04 00:49:58 CEST.

Flavor Version Tinstall Tcheck Ttotal Status Flags
r-devel-linux-x86_64-debian-clang 2.0.1 15.41 128.63 144.04 NOTE
r-devel-linux-x86_64-debian-gcc 2.0.1 13.40 88.81 102.21 NOTE
r-devel-linux-x86_64-fedora-clang 2.0.1 226.81 OK
r-devel-linux-x86_64-fedora-gcc 2.0.1 205.79 OK
r-devel-windows-x86_64 2.0.1 19.00 114.00 133.00 OK
r-patched-linux-x86_64 2.0.1 15.72 118.36 134.08 OK
r-release-linux-x86_64 2.0.1 15.95 117.65 133.60 OK
r-release-macos-arm64 2.0.1 53.00 OK
r-release-macos-x86_64 2.0.1 129.00 OK
r-release-windows-x86_64 2.0.1 18.00 117.00 135.00 OK
r-oldrel-macos-arm64 2.0.1 54.00 OK
r-oldrel-macos-x86_64 2.0.1 88.00 OK
r-oldrel-windows-x86_64 2.0.1 22.00 152.00 174.00 OK

Check Details

Version: 2.0.1
Check: CRAN incoming feasibility
Result: NOTE Maintainer: ‘Giancarlo Vercellino <giancarlo.vercellino@gmail.com>’ No Authors@R field in DESCRIPTION. Please add one, modifying Authors@R: person(given = "Giancarlo", family = "Vercellino", role = c("aut", "cre"), email = "giancarlo.vercellino@gmail.com") as necessary. Flavors: r-devel-linux-x86_64-debian-clang, r-devel-linux-x86_64-debian-gcc