Last updated on 2025-11-03 12:49:46 CET.
| Flavor | Version | Tinstall | Tcheck | Ttotal | Status | Flags | 
|---|---|---|---|---|---|---|
| r-devel-linux-x86_64-debian-clang | 1.0.0 | 4.08 | 41.11 | 45.19 | NOTE | |
| r-devel-linux-x86_64-debian-gcc | 1.0.0 | 3.02 | 30.58 | 33.60 | NOTE | |
| r-devel-linux-x86_64-fedora-clang | 1.0.0 | 18.00 | 55.92 | 73.92 | NOTE | |
| r-devel-linux-x86_64-fedora-gcc | 1.0.0 | 79.10 | NOTE | |||
| r-devel-windows-x86_64 | 1.0.0 | 6.00 | 57.00 | 63.00 | OK | |
| r-patched-linux-x86_64 | 1.0.0 | 3.46 | 38.08 | 41.54 | OK | |
| r-release-linux-x86_64 | 1.0.0 | 4.04 | 38.06 | 42.10 | OK | |
| r-release-macos-arm64 | 1.0.0 | 2.00 | 29.00 | 31.00 | OK | |
| r-release-macos-x86_64 | 1.0.0 | 3.00 | 50.00 | 53.00 | OK | |
| r-release-windows-x86_64 | 1.0.0 | 6.00 | 56.00 | 62.00 | OK | |
| r-oldrel-macos-arm64 | 1.0.0 | 2.00 | 28.00 | 30.00 | OK | |
| r-oldrel-macos-x86_64 | 1.0.0 | 3.00 | 41.00 | 44.00 | OK | |
| r-oldrel-windows-x86_64 | 1.0.0 | 8.00 | 68.00 | 76.00 | OK | 
Version: 1.0.0
Check: CRAN incoming feasibility
Result: NOTE
  Maintainer: ‘Josh Gardner <jpgard@umich.edu>’
  
  Package CITATION file contains call(s) to old-style personList() or
  as.personList().  Please use c() on person objects instead.
  Package CITATION file contains call(s) to old-style citEntry().  Please
  use bibentry() instead.
Flavors: r-devel-linux-x86_64-debian-clang, r-devel-linux-x86_64-debian-gcc
Version: 1.0.0
Check: dependencies in R code
Result: NOTE
  Namespace in Imports field not imported from: ‘tidyr’
    All declared Imports should be used.
Flavors: r-devel-linux-x86_64-fedora-clang, r-devel-linux-x86_64-fedora-gcc