Last updated on 2024-06-14 00:53:34 CEST.
Flavor | Version | Tinstall | Tcheck | Ttotal | Status | Flags |
---|---|---|---|---|---|---|
r-devel-linux-x86_64-debian-clang | 0.6.0 | 2.07 | 32.63 | 34.70 | NOTE | |
r-devel-linux-x86_64-debian-gcc | 0.6.0 | 0.39 | 1.79 | 2.18 | ERROR | |
r-devel-linux-x86_64-fedora-clang | 0.6.0 | 45.55 | NOTE | |||
r-devel-linux-x86_64-fedora-gcc | 0.6.0 | 55.68 | NOTE | |||
r-devel-windows-x86_64 | 0.6.0 | 4.00 | 51.00 | 55.00 | NOTE | |
r-patched-linux-x86_64 | 0.6.0 | 2.76 | 32.10 | 34.86 | NOTE | |
r-release-linux-x86_64 | 0.6.0 | 2.22 | 31.85 | 34.07 | NOTE | |
r-release-macos-arm64 | 0.6.0 | 24.00 | NOTE | |||
r-release-macos-x86_64 | 0.6.0 | 37.00 | NOTE | |||
r-release-windows-x86_64 | 0.6.0 | 4.00 | 52.00 | 56.00 | NOTE | |
r-oldrel-macos-arm64 | 0.6.0 | 25.00 | OK | |||
r-oldrel-macos-x86_64 | 0.6.0 | 36.00 | OK | |||
r-oldrel-windows-x86_64 | 0.6.0 | 5.00 | 52.00 | 57.00 | OK |
Version: 0.6.0
Check: Rd files
Result: NOTE
checkRd: (-1) convertCoord.Rd:32: Lost braces
32 | Please check here{https://lbs.amap.com/faq/account/key/72}}
| ^
checkRd: (-1) convertCoord.individual.Rd:33: Lost braces
33 | Please check here{https://lbs.amap.com/faq/account/key/72}}
| ^
checkRd: (-1) getCoord.Rd:39: Lost braces
39 | Please check here{https://lbs.amap.com/faq/account/key/72}}
| ^
checkRd: (-1) getCoord.individual.Rd:39: Lost braces
39 | here{https://lbs.amap.com/faq/account/key/72}}
| ^
checkRd: (-1) getLocation.Rd:60: Lost braces; missing escapes or markup?
60 | {https://lbs.amap.com/faq/account/key/72}}
| ^
checkRd: (-1) getLocation.individual.Rd:60: Lost braces
60 | Please check here{https://lbs.amap.com/faq/account/key/72}}
| ^
Flavors: r-devel-linux-x86_64-debian-clang, r-devel-linux-x86_64-fedora-clang, r-devel-linux-x86_64-fedora-gcc, r-devel-windows-x86_64, r-patched-linux-x86_64, r-release-linux-x86_64, r-release-macos-arm64, r-release-macos-x86_64, r-release-windows-x86_64
Version: 0.6.0
Check: package dependencies
Result: ERROR
Packages required but not available: 'sjmisc', 'furrr'
Packages suggested but not available for checking: 'stringr', 'testthat'
See section ‘The DESCRIPTION file’ in the ‘Writing R Extensions’
manual.
Flavor: r-devel-linux-x86_64-debian-gcc
Version: 0.6.0
Check: dependencies in R code
Result: NOTE
Namespace in Imports field not imported from: ‘jsonlite’
All declared Imports should be used.
Flavors: r-devel-linux-x86_64-fedora-clang, r-devel-linux-x86_64-fedora-gcc