Last updated on 2025-11-03 12:49:45 CET.
| Flavor | Version | Tinstall | Tcheck | Ttotal | Status | Flags | 
|---|---|---|---|---|---|---|
| r-devel-linux-x86_64-debian-clang | 0.8.1 | 662.65 | 117.51 | 780.16 | OK | |
| r-devel-linux-x86_64-debian-gcc | 0.8.1 | 605.57 | 90.46 | 696.03 | OK | |
| r-devel-linux-x86_64-fedora-clang | 0.8.1 | 1740.00 | -87.13 | 1652.87 | OK | |
| r-devel-linux-x86_64-fedora-gcc | 0.8.1 | 1920.00 | -72.22 | 1847.78 | OK | |
| r-devel-windows-x86_64 | 0.8.1 | 919.00 | 172.00 | 1091.00 | OK | |
| r-patched-linux-x86_64 | 0.8.1 | 853.44 | 113.95 | 967.39 | OK | |
| r-release-linux-x86_64 | 0.8.1 | 854.67 | 113.52 | 968.19 | OK | |
| r-release-macos-arm64 | 0.8.1 | 218.00 | 42.00 | 260.00 | OK | |
| r-release-macos-x86_64 | 0.8.1 | 424.00 | 73.00 | 497.00 | OK | |
| r-release-windows-x86_64 | 0.8.1 | 919.00 | 169.00 | 1088.00 | OK | |
| r-oldrel-macos-arm64 | 0.8.1 | 269.00 | 64.00 | 333.00 | NOTE | |
| r-oldrel-macos-x86_64 | 0.8.1 | 520.00 | 89.00 | 609.00 | NOTE | |
| r-oldrel-windows-x86_64 | 0.8.1 | 1096.00 | 219.00 | 1315.00 | OK | 
Version: 0.8.1
Check: installed package size
Result: NOTE
    installed size is 38.0Mb
    sub-directories of 1Mb or more:
      libs  36.8Mb
Flavors: r-oldrel-macos-arm64, r-oldrel-macos-x86_64