Last updated on 2025-10-21 00:49:53 CEST.
Flavor | Version | Tinstall | Tcheck | Ttotal | Status | Flags |
---|---|---|---|---|---|---|
r-devel-linux-x86_64-debian-clang | 0.5 | 2.87 | 21.58 | 24.45 | NOTE | |
r-devel-linux-x86_64-debian-gcc | 0.5 | 1.93 | 17.55 | 19.48 | NOTE | |
r-devel-linux-x86_64-fedora-clang | 0.5 | 35.20 | OK | |||
r-devel-linux-x86_64-fedora-gcc | 0.5 | 33.70 | OK | |||
r-devel-windows-x86_64 | 0.5 | 4.00 | 40.00 | 44.00 | OK | |
r-patched-linux-x86_64 | 0.5 | 2.77 | 20.13 | 22.90 | OK | |
r-release-linux-x86_64 | 0.5 | 2.24 | 20.15 | 22.39 | OK | |
r-release-macos-arm64 | 0.5 | 17.00 | OK | |||
r-release-macos-x86_64 | 0.5 | 44.00 | OK | |||
r-release-windows-x86_64 | 0.5 | 5.00 | 44.00 | 49.00 | OK | |
r-oldrel-macos-arm64 | 0.5 | 25.00 | OK | |||
r-oldrel-macos-x86_64 | 0.5 | 35.00 | OK | |||
r-oldrel-windows-x86_64 | 0.5 | 3.00 | 40.00 | 43.00 | OK |
Version: 0.5
Check: CRAN incoming feasibility
Result: NOTE
Maintainer: ‘Kamil Erguler <k.erguler@cyi.ac.cy>’
No Authors@R field in DESCRIPTION.
Please add one, modifying
Authors@R: person(given = "Kamil",
family = "Erguler",
role = c("aut", "cre"),
email = "k.erguler@cyi.ac.cy")
as necessary.
Flavors: r-devel-linux-x86_64-debian-clang, r-devel-linux-x86_64-debian-gcc
Version: 0.5
Check: HTML version of manual
Result: NOTE
Found the following HTML validation problems:
add-spop.html:53:1 (add-spop.Rd:17): Warning: missing </ul> before </div>
dead-spop.html:49:1 (dead-spop.Rd:14): Warning: missing </ul> before </div>
developed-spop.html:49:1 (developed-spop.Rd:14): Warning: missing </ul> before </div>
devtable-spop.html:49:1 (devtable-spop.Rd:14): Warning: missing </ul> before </div>
gamma_dist_prob.html:54:1 (gamma_dist_prob.Rd:14): Warning: missing </ul> before </div>
iterate-spop.html:68:1 (iterate-spop.Rd:23): Warning: missing </ul> before </div>
nbinom_dist_prob.html:54:1 (nbinom_dist_prob.Rd:14): Warning: missing </ul> before </div>
perturb-spop.html:68:1 (perturb-spop.Rd:23): Warning: missing </ul> before </div>
size-spop.html:49:1 (size-spop.Rd:14): Warning: missing </ul> before </div>
Flavor: r-devel-linux-x86_64-debian-gcc