Last updated on 2025-07-04 00:49:57 CEST.
Flavor | Version | Tinstall | Tcheck | Ttotal | Status | Flags |
---|---|---|---|---|---|---|
r-devel-linux-x86_64-debian-clang | 1.5-10 | 21.44 | 99.55 | 120.99 | NOTE | |
r-devel-linux-x86_64-debian-gcc | 1.5-10 | 15.06 | 72.05 | 87.11 | NOTE | |
r-devel-linux-x86_64-fedora-clang | 1.5-10 | 186.85 | OK | |||
r-devel-linux-x86_64-fedora-gcc | 1.5-10 | 186.22 | OK | |||
r-devel-windows-x86_64 | 1.5-10 | 28.00 | 110.00 | 138.00 | NOTE | |
r-patched-linux-x86_64 | 1.5-10 | 22.87 | 94.44 | 117.31 | NOTE | |
r-release-linux-x86_64 | 1.5-10 | 19.31 | 94.55 | 113.86 | NOTE | |
r-release-macos-arm64 | 1.5-10 | 58.00 | OK | |||
r-release-macos-x86_64 | 1.5-10 | 125.00 | OK | |||
r-release-windows-x86_64 | 1.5-10 | 28.00 | 112.00 | 140.00 | NOTE | |
r-oldrel-macos-arm64 | 1.5-10 | 53.00 | OK | |||
r-oldrel-macos-x86_64 | 1.5-10 | 94.00 | OK | |||
r-oldrel-windows-x86_64 | 1.5-10 | 37.00 | 142.00 | 179.00 | OK |
Version: 1.5-10
Check: Rd cross-references
Result: NOTE
Found the following Rd file(s) with Rd \link{} targets missing package
anchors:
kdfun.Rd: divc
krfun.Rd: divc
Please provide package anchors for all Rd \link{} targets not in the
package itself and the base packages.
Flavors: r-devel-linux-x86_64-debian-clang, r-devel-linux-x86_64-debian-gcc, r-devel-windows-x86_64, r-patched-linux-x86_64, r-release-linux-x86_64, r-release-windows-x86_64