Last updated on 2025-11-03 12:49:45 CET.
| Flavor | Version | Tinstall | Tcheck | Ttotal | Status | Flags | 
|---|---|---|---|---|---|---|
| r-devel-linux-x86_64-debian-clang | 2.1.2 | 23.92 | 376.63 | 400.55 | NOTE | |
| r-devel-linux-x86_64-debian-gcc | 2.1.2 | 16.32 | 244.23 | 260.55 | NOTE | |
| r-devel-linux-x86_64-fedora-clang | 2.1.2 | 53.00 | 568.61 | 621.61 | NOTE | |
| r-devel-linux-x86_64-fedora-gcc | 2.1.2 | 50.00 | 576.89 | 626.89 | NOTE | |
| r-devel-windows-x86_64 | 2.1.2 | 27.00 | 352.00 | 379.00 | NOTE | |
| r-patched-linux-x86_64 | 2.1.2 | 26.05 | 356.03 | 382.08 | NOTE | |
| r-release-linux-x86_64 | 2.1.2 | 24.84 | 355.42 | 380.26 | NOTE | |
| r-release-macos-arm64 | 2.1.2 | 10.00 | 137.00 | 147.00 | NOTE | |
| r-release-macos-x86_64 | 2.1.2 | 33.00 | 314.00 | 347.00 | NOTE | |
| r-release-windows-x86_64 | 2.1.2 | 24.00 | 346.00 | 370.00 | NOTE | |
| r-oldrel-macos-arm64 | 2.1.2 | 10.00 | 123.00 | 133.00 | OK | |
| r-oldrel-macos-x86_64 | 2.1.2 | 19.00 | 179.00 | 198.00 | OK | |
| r-oldrel-windows-x86_64 | 2.1.2 | 36.00 | 456.00 | 492.00 | OK | 
Version: 2.1.2
Check: DESCRIPTION meta-information
Result: NOTE
    Missing dependency on R >= 4.1.0 because package code uses the pipe
    |> or function shorthand \(...) syntax added in R 4.1.0.
    File(s) using such syntax:
      ‘compute_accumulation_metrics.R’
Flavors: r-devel-linux-x86_64-debian-clang, r-devel-linux-x86_64-debian-gcc, r-devel-linux-x86_64-fedora-clang, r-devel-linux-x86_64-fedora-gcc, r-devel-windows-x86_64, r-patched-linux-x86_64, r-release-linux-x86_64, r-release-macos-arm64, r-release-macos-x86_64, r-release-windows-x86_64