Last updated on 2025-11-21 12:49:42 CET.
| Flavor | Version | Tinstall | Tcheck | Ttotal | Status | Flags |
|---|---|---|---|---|---|---|
| r-devel-linux-x86_64-debian-clang | 1.0.1 | 2.12 | 85.39 | 87.51 | OK | |
| r-devel-linux-x86_64-debian-gcc | 1.0.1 | 1.59 | 69.56 | 71.15 | OK | |
| r-devel-linux-x86_64-fedora-clang | 1.0.1 | 137.10 | OK | |||
| r-devel-linux-x86_64-fedora-gcc | 1.0.1 | 133.28 | OK | |||
| r-devel-windows-x86_64 | 1.0.1 | 3.00 | 91.00 | 94.00 | OK | |
| r-patched-linux-x86_64 | 1.0.1 | 2.28 | 87.18 | 89.46 | OK | |
| r-release-linux-x86_64 | 1.0.1 | 1.79 | 88.68 | 90.47 | OK | |
| r-release-macos-arm64 | 1.0.1 | 39.00 | ERROR | |||
| r-release-macos-x86_64 | 1.0.1 | 3.00 | 95.00 | 98.00 | OK | |
| r-release-windows-x86_64 | 1.0.1 | 6.00 | 109.00 | 115.00 | OK | |
| r-oldrel-macos-arm64 | 1.0.1 | 9.00 | ERROR | |||
| r-oldrel-macos-x86_64 | 1.0.1 | 12.00 | ERROR | |||
| r-oldrel-windows-x86_64 | 1.0.1 | 4.00 | 9.00 | 13.00 | ERROR |
Version: 1.0.1
Check: package dependencies
Result: ERROR
Packages required and available but unsuitable versions:
'graphics', 'stats', 'utils'
See section ‘The DESCRIPTION file’ in the ‘Writing R Extensions’
manual.
Flavors: r-release-macos-arm64, r-oldrel-macos-arm64, r-oldrel-macos-x86_64, r-oldrel-windows-x86_64