Last updated on 2025-07-04 12:48:54 CEST.
Flavor | Version | Tinstall | Tcheck | Ttotal | Status | Flags |
---|---|---|---|---|---|---|
r-devel-linux-x86_64-debian-clang | 1.0 | 34.21 | 296.21 | 330.42 | NOTE | |
r-devel-linux-x86_64-debian-gcc | 1.0 | 24.85 | 209.45 | 234.30 | NOTE | |
r-devel-linux-x86_64-fedora-clang | 1.0 | 524.93 | OK | |||
r-devel-linux-x86_64-fedora-gcc | 1.0 | 520.72 | OK | |||
r-devel-windows-x86_64 | 1.0 | 33.00 | 244.00 | 277.00 | OK | |
r-patched-linux-x86_64 | 1.0 | 32.51 | 281.11 | 313.62 | OK | |
r-release-linux-x86_64 | 1.0 | 31.58 | 289.09 | 320.67 | OK | |
r-release-macos-arm64 | 1.0 | 149.00 | OK | |||
r-release-macos-x86_64 | 1.0 | 295.00 | OK | |||
r-release-windows-x86_64 | 1.0 | 33.00 | 252.00 | 285.00 | OK | |
r-oldrel-macos-arm64 | 1.0 | 128.00 | OK | |||
r-oldrel-macos-x86_64 | 1.0 | 207.00 | OK | |||
r-oldrel-windows-x86_64 | 1.0 | 42.00 | 325.00 | 367.00 | OK |
Version: 1.0
Check: CRAN incoming feasibility
Result: NOTE
Maintainer: ‘Greg Gloor <ggloor@uwo.ca>’
No Authors@R field in DESCRIPTION.
Please add one, modifying
Authors@R: person(given = "Greg",
family = "Gloor",
role = c("aut", "cre"),
email = "ggloor@uwo.ca")
as necessary.
Flavors: r-devel-linux-x86_64-debian-clang, r-devel-linux-x86_64-debian-gcc