Last updated on 2024-07-18 01:55:47 CEST.
Flavor | Version | Tinstall | Tcheck | Ttotal | Status | Flags |
---|---|---|---|---|---|---|
r-devel-linux-x86_64-debian-clang | 1.0.1 | 298.59 | 231.03 | 529.62 | NOTE | |
r-devel-linux-x86_64-debian-gcc | 1.0.1 | 264.64 | 182.02 | 446.66 | NOTE | |
r-devel-linux-x86_64-fedora-clang | 1.0.1 | 674.91 | NOTE | |||
r-devel-linux-x86_64-fedora-gcc | 1.0.1 | 851.78 | NOTE | |||
r-devel-windows-x86_64 | 1.0.1 | 238.00 | 200.00 | 438.00 | NOTE | |
r-patched-linux-x86_64 | 1.0.1 | 237.94 | 241.00 | 478.94 | NOTE | |
r-release-linux-x86_64 | 1.0.1 | 239.55 | 249.63 | 489.18 | NOTE | |
r-release-macos-arm64 | 1.0.1 | 161.00 | NOTE | |||
r-release-macos-x86_64 | 1.0.1 | 224.00 | NOTE | |||
r-release-windows-x86_64 | 1.0.1 | 240.00 | 204.00 | 444.00 | NOTE | |
r-oldrel-macos-arm64 | 1.0.1 | 166.00 | NOTE | |||
r-oldrel-macos-x86_64 | 1.0.1 | 262.00 | NOTE | |||
r-oldrel-windows-x86_64 | 1.0.1 | 323.00 | 242.00 | 565.00 | NOTE |
Version: 1.0.1
Check: for GNU extensions in Makefiles
Result: NOTE
GNU make is a SystemRequirements.
Flavors: r-devel-linux-x86_64-debian-clang, r-devel-linux-x86_64-debian-gcc, r-devel-linux-x86_64-fedora-clang, r-devel-linux-x86_64-fedora-gcc, r-devel-windows-x86_64, r-patched-linux-x86_64, r-release-linux-x86_64, r-release-macos-arm64, r-release-macos-x86_64, r-release-windows-x86_64, r-oldrel-macos-arm64, r-oldrel-macos-x86_64, r-oldrel-windows-x86_64
Version: 1.0.1
Check: dependencies in R code
Result: NOTE
Namespace in Imports field not imported from: ‘rstantools’
All declared Imports should be used.
Flavors: r-devel-linux-x86_64-fedora-clang, r-devel-linux-x86_64-fedora-gcc
Version: 1.0.1
Check: installed package size
Result: NOTE
installed size is 53.8Mb
sub-directories of 1Mb or more:
libs 53.4Mb
Flavors: r-release-macos-arm64, r-release-macos-x86_64, r-oldrel-macos-arm64, r-oldrel-macos-x86_64