Last updated on 2025-11-03 12:50:07 CET.
| Flavor | Version | Tinstall | Tcheck | Ttotal | Status | Flags |
|---|---|---|---|---|---|---|
| r-devel-linux-x86_64-debian-clang | 1.0.6 | 7.95 | 159.78 | 167.73 | NOTE | |
| r-devel-linux-x86_64-debian-gcc | 1.0.6 | 5.03 | 117.59 | 122.62 | NOTE | |
| r-devel-linux-x86_64-fedora-clang | 1.0.6 | 18.00 | 245.38 | 263.38 | NOTE | |
| r-devel-linux-x86_64-fedora-gcc | 1.0.6 | 18.00 | 251.49 | 269.49 | NOTE | |
| r-devel-windows-x86_64 | 1.0.6 | 12.00 | 171.00 | 183.00 | NOTE | |
| r-patched-linux-x86_64 | 1.0.6 | 9.19 | 153.47 | 162.66 | NOTE | |
| r-release-linux-x86_64 | 1.0.6 | 7.36 | 152.91 | 160.27 | NOTE | |
| r-release-macos-arm64 | 1.0.6 | 3.00 | 71.00 | 74.00 | NOTE | |
| r-release-macos-x86_64 | 1.0.6 | 6.00 | 150.00 | 156.00 | NOTE | |
| r-release-windows-x86_64 | 1.0.6 | 12.00 | 168.00 | 180.00 | NOTE | |
| r-oldrel-macos-arm64 | 1.0.6 | 3.00 | 76.00 | 79.00 | OK | |
| r-oldrel-macos-x86_64 | 1.0.6 | 5.00 | 129.00 | 134.00 | OK | |
| r-oldrel-windows-x86_64 | 1.0.6 | 16.00 | 212.00 | 228.00 | OK |
Version: 1.0.6
Check: DESCRIPTION meta-information
Result: NOTE
Missing dependency on R >= 4.1.0 because package code uses the pipe
|> or function shorthand \(...) syntax added in R 4.1.0.
File(s) using such syntax:
‘exhaustive_lhl.Rd’ ‘gaussian_fit.Rd’ ‘hyperbolic_fit.Rd’
Flavors: r-devel-linux-x86_64-debian-clang, r-devel-linux-x86_64-debian-gcc, r-devel-linux-x86_64-fedora-clang, r-devel-linux-x86_64-fedora-gcc, r-devel-windows-x86_64, r-patched-linux-x86_64, r-release-linux-x86_64, r-release-macos-arm64, r-release-macos-x86_64, r-release-windows-x86_64