Last updated on 2024-07-18 01:55:47 CEST.
Flavor | Version | Tinstall | Tcheck | Ttotal | Status | Flags |
---|---|---|---|---|---|---|
r-devel-linux-x86_64-debian-clang | 1.0.10 | 11.79 | 179.31 | 191.10 | OK | |
r-devel-linux-x86_64-debian-gcc | 1.0.10 | 10.59 | 128.07 | 138.66 | OK | |
r-devel-linux-x86_64-fedora-clang | 1.0.10 | 226.61 | NOTE | |||
r-devel-linux-x86_64-fedora-gcc | 1.0.10 | 219.71 | OK | |||
r-devel-windows-x86_64 | 1.0.10 | 20.00 | 241.00 | 261.00 | NOTE | |
r-patched-linux-x86_64 | 1.0.10 | 13.42 | 174.95 | 188.37 | OK | |
r-release-linux-x86_64 | 1.0.10 | 10.69 | 171.20 | 181.89 | OK | |
r-release-macos-arm64 | 1.0.10 | 100.00 | NOTE | |||
r-release-macos-x86_64 | 1.0.10 | 135.00 | NOTE | |||
r-release-windows-x86_64 | 1.0.10 | 20.00 | 240.00 | 260.00 | NOTE | |
r-oldrel-macos-arm64 | 1.0.10 | 101.00 | NOTE | |||
r-oldrel-macos-x86_64 | 1.0.10 | 193.00 | NOTE | |||
r-oldrel-windows-x86_64 | 1.0.10 | 22.00 | 273.00 | 295.00 | NOTE |
Version: 1.0.10
Check: installed package size
Result: NOTE
installed size is 28.0Mb
sub-directories of 1Mb or more:
java 25.4Mb
Flavors: r-devel-linux-x86_64-fedora-clang, r-devel-windows-x86_64, r-release-macos-arm64, r-release-macos-x86_64, r-release-windows-x86_64, r-oldrel-macos-arm64, r-oldrel-macos-x86_64, r-oldrel-windows-x86_64