Last updated on 2025-11-03 12:50:07 CET.
| Flavor | Version | Tinstall | Tcheck | Ttotal | Status | Flags | 
|---|---|---|---|---|---|---|
| r-devel-linux-x86_64-debian-clang | 1.1.0 | 41.75 | 377.40 | 419.15 | NOTE | |
| r-devel-linux-x86_64-debian-gcc | 1.1.0 | 34.16 | 277.70 | 311.86 | NOTE | |
| r-devel-linux-x86_64-fedora-clang | 1.1.0 | 238.00 | 483.39 | 721.39 | OK | |
| r-devel-linux-x86_64-fedora-gcc | 1.1.0 | 90.00 | OK | |||
| r-devel-windows-x86_64 | 1.1.0 | 45.00 | 319.00 | 364.00 | OK | |
| r-patched-linux-x86_64 | 1.1.0 | 0.40 | 1.87 | 2.27 | ERROR | |
| r-release-linux-x86_64 | 1.1.0 | 42.12 | 363.38 | 405.50 | OK | |
| r-release-macos-arm64 | 1.1.0 | 19.00 | 141.00 | 160.00 | OK | |
| r-release-macos-x86_64 | 1.1.0 | 37.00 | 260.00 | 297.00 | OK | |
| r-release-windows-x86_64 | 1.1.0 | 44.00 | 312.00 | 356.00 | OK | |
| r-oldrel-macos-arm64 | 1.1.0 | 20.00 | 138.00 | 158.00 | NOTE | |
| r-oldrel-macos-x86_64 | 1.1.0 | 29.00 | 203.00 | 232.00 | NOTE | |
| r-oldrel-windows-x86_64 | 1.1.0 | 61.00 | 428.00 | 489.00 | NOTE | 
Version: 1.1.0
Check: CRAN incoming feasibility
Result: NOTE
  Maintainer: ‘Sean Wen <sean.wenwx@gmail.com>’
  
  No Authors@R field in DESCRIPTION.
  Please add one, modifying
    Authors@R: person(given = "Sean",
                      family = "Wen",
                      role = c("aut", "cre"),
                      email = "sean.wenwx@gmail.com")
  as necessary.
Flavors: r-devel-linux-x86_64-debian-clang, r-devel-linux-x86_64-debian-gcc
Version: 1.1.0
Check: package dependencies
Result: ERROR
  Package required but not available: ‘GenomicAlignments’
  
  See section ‘The DESCRIPTION file’ in the ‘Writing R Extensions’
  manual.
Flavor: r-patched-linux-x86_64
Version: 1.1.0
Check: installed package size
Result: NOTE
    installed size is  9.4Mb
    sub-directories of 1Mb or more:
      extdata   8.7Mb
Flavors: r-oldrel-macos-arm64, r-oldrel-macos-x86_64, r-oldrel-windows-x86_64