Last updated on 2025-11-03 12:50:07 CET.
| Flavor | Version | Tinstall | Tcheck | Ttotal | Status | Flags | 
|---|---|---|---|---|---|---|
| r-devel-linux-x86_64-debian-clang | 0.1.1 | 231.14 | 122.36 | 353.50 | NOTE | |
| r-devel-linux-x86_64-debian-gcc | 0.1.1 | 173.71 | 88.33 | 262.04 | NOTE | |
| r-devel-linux-x86_64-fedora-clang | 0.1.1 | 257.00 | 372.87 | 629.87 | NOTE | |
| r-devel-linux-x86_64-fedora-gcc | 0.1.1 | 334.00 | 350.29 | 684.29 | NOTE | |
| r-devel-windows-x86_64 | 0.1.1 | 257.00 | 147.00 | 404.00 | NOTE | |
| r-patched-linux-x86_64 | 0.1.1 | 258.55 | 140.41 | 398.96 | NOTE | |
| r-release-linux-x86_64 | 0.1.1 | 254.94 | 128.72 | 383.66 | NOTE | |
| r-release-macos-arm64 | 0.1.1 | 125.00 | 82.00 | 207.00 | NOTE | |
| r-release-macos-x86_64 | 0.1.1 | 68.00 | 106.00 | 174.00 | NOTE | |
| r-release-windows-x86_64 | 0.1.1 | 258.00 | 144.00 | 402.00 | NOTE | |
| r-oldrel-macos-arm64 | 0.1.1 | 77.00 | 65.00 | 142.00 | NOTE | |
| r-oldrel-macos-x86_64 | 0.1.1 | 63.00 | 97.00 | 160.00 | NOTE | |
| r-oldrel-windows-x86_64 | 0.1.1 | 321.00 | 262.00 | 583.00 | OK | 
Version: 0.1.1
Check: DESCRIPTION meta-information
Result: NOTE
    Missing dependency on R >= 4.1.0 because package code uses the pipe
    |> or function shorthand \(...) syntax added in R 4.1.0.
    File(s) using such syntax:
      ‘plot_surv.Rd’
Flavors: r-devel-linux-x86_64-debian-clang, r-devel-linux-x86_64-debian-gcc, r-devel-linux-x86_64-fedora-clang, r-devel-linux-x86_64-fedora-gcc, r-devel-windows-x86_64, r-patched-linux-x86_64, r-release-linux-x86_64, r-release-macos-arm64, r-release-macos-x86_64, r-release-windows-x86_64
Version: 0.1.1
Check: installed package size
Result: NOTE
    installed size is 24.7Mb
    sub-directories of 1Mb or more:
      doc    2.2Mb
      libs  22.4Mb
Flavors: r-oldrel-macos-arm64, r-oldrel-macos-x86_64