Last updated on 2024-06-14 00:54:03 CEST.
Flavor | Version | Tinstall | Tcheck | Ttotal | Status | Flags |
---|---|---|---|---|---|---|
r-devel-linux-x86_64-debian-clang | 2.0.3 | 6.37 | 98.01 | 104.38 | OK | |
r-devel-linux-x86_64-debian-gcc | 2.0.3 | 0.33 | 1.70 | 2.03 | ERROR | |
r-devel-linux-x86_64-fedora-clang | 2.0.3 | 134.96 | OK | |||
r-devel-linux-x86_64-fedora-gcc | 2.0.3 | 131.77 | OK | |||
r-devel-windows-x86_64 | 2.0.3 | 9.00 | 83.00 | 92.00 | OK | |
r-patched-linux-x86_64 | 2.0.3 | 4.00 | 92.37 | 96.37 | OK | |
r-release-linux-x86_64 | 2.0.3 | 4.07 | 92.86 | 96.93 | OK | |
r-release-macos-arm64 | 2.0.3 | 46.00 | OK | |||
r-release-macos-x86_64 | 2.0.3 | 69.00 | OK | |||
r-release-windows-x86_64 | 2.0.3 | 10.00 | 80.00 | 90.00 | OK | |
r-oldrel-macos-arm64 | 2.0.3 | 53.00 | OK | |||
r-oldrel-macos-x86_64 | 2.0.3 | 88.00 | OK | |||
r-oldrel-windows-x86_64 | 2.0.3 | 12.00 | 128.00 | 140.00 | OK |
Version: 2.0.3
Check: package dependencies
Result: ERROR
Packages required but not available: 'dplyr', 'haven'
See section ‘The DESCRIPTION file’ in the ‘Writing R Extensions’
manual.
Flavor: r-devel-linux-x86_64-debian-gcc