Last updated on 2025-11-03 12:50:06 CET.
| Flavor | Version | Tinstall | Tcheck | Ttotal | Status | Flags | 
|---|---|---|---|---|---|---|
| r-devel-linux-x86_64-debian-clang | 0.0.1 | 6.87 | 58.76 | 65.63 | NOTE | |
| r-devel-linux-x86_64-debian-gcc | 0.0.1 | 5.04 | 45.98 | 51.02 | NOTE | |
| r-devel-linux-x86_64-fedora-clang | 0.0.1 | 15.00 | 84.65 | 99.65 | OK | |
| r-devel-linux-x86_64-fedora-gcc | 0.0.1 | 13.00 | 81.91 | 94.91 | OK | |
| r-devel-windows-x86_64 | 0.0.1 | 8.00 | 68.00 | 76.00 | OK | |
| r-patched-linux-x86_64 | 0.0.1 | 6.02 | 56.32 | 62.34 | OK | |
| r-release-linux-x86_64 | 0.0.1 | 5.92 | 56.15 | 62.07 | OK | |
| r-release-macos-arm64 | 0.0.1 | 4.00 | 34.00 | 38.00 | OK | |
| r-release-macos-x86_64 | 0.0.1 | 8.00 | 59.00 | 67.00 | OK | |
| r-release-windows-x86_64 | 0.0.1 | 7.00 | 68.00 | 75.00 | OK | |
| r-oldrel-macos-arm64 | 0.0.1 | 4.00 | 30.00 | 34.00 | OK | |
| r-oldrel-macos-x86_64 | 0.0.1 | 5.00 | 38.00 | 43.00 | OK | |
| r-oldrel-windows-x86_64 | 0.0.1 | 10.00 | 84.00 | 94.00 | OK | 
Version: 0.0.1
Check: CRAN incoming feasibility
Result: NOTE
  Maintainer: ‘Minzhe Wang <minzhew@uchicago.edu>’
  
  The Description field contains
    (2017) <arXiv:1704.07016>.
  Please refer to arXiv e-prints via their arXiv DOI <doi:10.48550/arXiv.YYMM.NNNNN>.
Flavors: r-devel-linux-x86_64-debian-clang, r-devel-linux-x86_64-debian-gcc