Last updated on 2024-07-18 01:55:46 CEST.
Flavor | Version | Tinstall | Tcheck | Ttotal | Status | Flags |
---|---|---|---|---|---|---|
r-devel-linux-x86_64-debian-clang | 3.2.1 | 22.35 | 139.17 | 161.52 | NOTE | |
r-devel-linux-x86_64-debian-gcc | 3.2.1 | 15.35 | 102.54 | 117.89 | NOTE | |
r-devel-linux-x86_64-fedora-clang | 3.2.1 | 217.08 | NOTE | |||
r-devel-linux-x86_64-fedora-gcc | 3.2.1 | 192.65 | NOTE | |||
r-devel-windows-x86_64 | 3.2.1 | 13.00 | 96.00 | 109.00 | NOTE | |
r-patched-linux-x86_64 | 3.2.1 | 19.60 | 136.12 | 155.72 | NOTE | |
r-release-linux-x86_64 | 3.2.1 | 14.48 | 134.87 | 149.35 | NOTE | |
r-release-macos-arm64 | 3.2.1 | 84.00 | NOTE | |||
r-release-macos-x86_64 | 3.2.1 | 95.00 | NOTE | |||
r-release-windows-x86_64 | 3.2.1 | 14.00 | 97.00 | 111.00 | NOTE | |
r-oldrel-macos-arm64 | 3.2.1 | 54.00 | NOTE | |||
r-oldrel-macos-x86_64 | 3.2.1 | 94.00 | NOTE | |||
r-oldrel-windows-x86_64 | 3.2.1 | 19.00 | 116.00 | 135.00 | NOTE |
Version: 3.2.1
Check: LazyData
Result: NOTE
'LazyData' is specified without a 'data' directory
Flavors: r-devel-linux-x86_64-debian-clang, r-devel-linux-x86_64-debian-gcc, r-devel-linux-x86_64-fedora-clang, r-devel-linux-x86_64-fedora-gcc, r-devel-windows-x86_64, r-patched-linux-x86_64, r-release-linux-x86_64, r-release-macos-arm64, r-release-macos-x86_64, r-release-windows-x86_64, r-oldrel-macos-arm64, r-oldrel-macos-x86_64, r-oldrel-windows-x86_64