CRAN Package Check Results for Package TSSS

Last updated on 2025-10-21 00:50:20 CEST.

Flavor Version Tinstall Tcheck Ttotal Status Flags
r-devel-linux-x86_64-debian-clang 1.3.4-5 22.86 49.90 72.76 NOTE
r-devel-linux-x86_64-debian-gcc 1.3.4-5 14.53 35.85 50.38 NOTE
r-devel-linux-x86_64-fedora-clang 1.3.4-5 113.45 OK
r-devel-linux-x86_64-fedora-gcc 1.3.4-5 102.86 OK
r-devel-windows-x86_64 1.3.4-5 32.00 77.00 109.00 OK
r-patched-linux-x86_64 1.3.4-5 19.82 46.94 66.76 OK
r-release-linux-x86_64 1.3.4-5 17.30 47.56 64.86 OK
r-release-macos-arm64 1.3.4-5 38.00 OK
r-release-macos-x86_64 1.3.4-5 55.00 OK
r-release-windows-x86_64 1.3.4-5 32.00 78.00 110.00 OK
r-oldrel-macos-arm64 1.3.4-5 34.00 OK
r-oldrel-macos-x86_64 1.3.4-5 44.00 OK
r-oldrel-windows-x86_64 1.3.4-5 29.00 77.00 106.00 OK

Check Details

Version: 1.3.4-5
Check: CRAN incoming feasibility
Result: NOTE Maintainer: ‘Masami Saga <msaga@mtb.biglobe.ne.jp>’ No Authors@R field in DESCRIPTION. Please add one, modifying Authors@R: c(person(given = c("The", "Institute", "of", "Statistical"), family = "Mathematics", role = "aut"), person(given = c("based", "on", "the", "program", "by", "Genshiro"), family = "Kitagawa", role = "aut"), person(given = "Masami", family = "Saga", role = "cre", email = "msaga@mtb.biglobe.ne.jp")) as necessary. Flavors: r-devel-linux-x86_64-debian-clang, r-devel-linux-x86_64-debian-gcc

Version: 1.3.4-5
Check: HTML version of manual
Result: NOTE Found the following HTML validation problems: plot.boxcox.html:55:1 (plot.boxcox.Rd:13): Warning: missing </ul> before </div> plot.lsqr.html:56:1 (plot.lsqr.Rd:14): Warning: missing </ul> before </div> plot.ngsmth.html:61:1 (plot.ngsmth.Rd:16): Warning: missing </ul> before </div> plot.polreg.html:55:1 (plot.polreg.Rd:13): Warning: missing </ul> before </div> plot.season.html:56:1 (plot.season.Rd:14): Warning: missing </ul> before </div> plot.simulate.html:56:1 (plot.simulate.Rd:14): Warning: missing </ul> before </div> plot.smooth.html:56:1 (plot.smooth.Rd:14): Warning: missing </ul> before </div> plot.spg.html:56:1 (plot.spg.Rd:14): Warning: missing </ul> before </div> plot.trend.html:55:1 (plot.trend.Rd:13): Warning: missing </ul> before </div> Flavor: r-devel-linux-x86_64-debian-gcc