Last updated on 2025-11-03 12:50:05 CET.
| Flavor | Version | Tinstall | Tcheck | Ttotal | Status | Flags | 
|---|---|---|---|---|---|---|
| r-devel-linux-x86_64-debian-clang | 1.0.5 | 14.62 | 292.96 | 307.58 | NOTE | |
| r-devel-linux-x86_64-debian-gcc | 1.0.5 | 9.79 | 179.24 | 189.03 | NOTE | |
| r-devel-linux-x86_64-fedora-clang | 1.0.5 | 33.00 | 451.19 | 484.19 | OK | |
| r-devel-linux-x86_64-fedora-gcc | 1.0.5 | 29.00 | 442.10 | 471.10 | OK | |
| r-devel-windows-x86_64 | 1.0.5 | 18.00 | 199.00 | 217.00 | OK | |
| r-patched-linux-x86_64 | 1.0.5 | 14.77 | 286.56 | 301.33 | OK | |
| r-release-linux-x86_64 | 1.0.5 | 12.17 | 297.82 | 309.99 | OK | |
| r-release-macos-arm64 | 1.0.5 | 5.00 | 106.00 | 111.00 | OK | |
| r-release-macos-x86_64 | 1.0.5 | 11.00 | 192.00 | 203.00 | OK | |
| r-release-windows-x86_64 | 1.0.5 | 17.00 | 196.00 | 213.00 | OK | |
| r-oldrel-macos-arm64 | 1.0.5 | 6.00 | 81.00 | 87.00 | NOTE | |
| r-oldrel-macos-x86_64 | 1.0.5 | 10.00 | 129.00 | 139.00 | NOTE | |
| r-oldrel-windows-x86_64 | 1.0.5 | 22.00 | 273.00 | 295.00 | NOTE | 
Version: 1.0.5
Check: CRAN incoming feasibility
Result: NOTE
  Maintainer: ‘Thomas Jemielita <thomasjemielita@gmail.com>’
  
  No Authors@R field in DESCRIPTION.
  Please add one, modifying
    Authors@R: person(given = "Thomas",
                      family = "Jemielita",
                      role = c("aut", "cre"),
                      email = "thomasjemielita@gmail.com")
  as necessary.
  
  The Description field contains
    2019 <arXiv:1912.03337>. This package is in beta and will be
  Please refer to arXiv e-prints via their arXiv DOI <doi:10.48550/arXiv.YYMM.NNNNN>.
Flavors: r-devel-linux-x86_64-debian-clang, r-devel-linux-x86_64-debian-gcc
Version: 1.0.5
Check: installed package size
Result: NOTE
    installed size is  5.7Mb
    sub-directories of 1Mb or more:
      doc   5.0Mb
Flavors: r-oldrel-macos-arm64, r-oldrel-macos-x86_64, r-oldrel-windows-x86_64