Last updated on 2024-07-18 01:55:44 CEST.
Flavor | Version | Tinstall | Tcheck | Ttotal | Status | Flags |
---|---|---|---|---|---|---|
r-devel-linux-x86_64-debian-clang | 0.3.0 | 4.51 | 32.58 | 37.09 | OK | |
r-devel-linux-x86_64-debian-gcc | 0.3.0 | 3.27 | 24.64 | 27.91 | OK | |
r-devel-linux-x86_64-fedora-clang | 0.3.0 | 47.00 | NOTE | |||
r-devel-linux-x86_64-fedora-gcc | 0.3.0 | 43.85 | NOTE | |||
r-devel-windows-x86_64 | 0.3.0 | 4.00 | 43.00 | 47.00 | OK | |
r-patched-linux-x86_64 | 0.3.0 | 4.32 | 30.98 | 35.30 | OK | |
r-release-linux-x86_64 | 0.3.0 | 4.39 | 31.44 | 35.83 | OK | |
r-release-macos-arm64 | 0.3.0 | 18.00 | OK | |||
r-release-macos-x86_64 | 0.3.0 | 30.00 | OK | |||
r-release-windows-x86_64 | 0.3.0 | 4.00 | 46.00 | 50.00 | OK | |
r-oldrel-macos-arm64 | 0.3.0 | 21.00 | OK | |||
r-oldrel-macos-x86_64 | 0.3.0 | 25.00 | OK | |||
r-oldrel-windows-x86_64 | 0.3.0 | 5.00 | 46.00 | 51.00 | OK |
Version: 0.3.0
Check: dependencies in R code
Result: NOTE
Namespace in Imports field not imported from: ‘bnlearn’
All declared Imports should be used.
Flavors: r-devel-linux-x86_64-fedora-clang, r-devel-linux-x86_64-fedora-gcc