Last updated on 2025-11-03 12:50:05 CET.
| Flavor | Version | Tinstall | Tcheck | Ttotal | Status | Flags | 
|---|---|---|---|---|---|---|
| r-devel-linux-x86_64-debian-clang | 1.0.1 | 7.82 | 44.08 | 51.90 | NOTE | |
| r-devel-linux-x86_64-debian-gcc | 1.0.1 | 5.11 | 32.83 | 37.94 | NOTE | |
| r-devel-linux-x86_64-fedora-clang | 1.0.1 | 18.00 | 61.59 | 79.59 | NOTE | |
| r-devel-linux-x86_64-fedora-gcc | 1.0.1 | 16.00 | 80.92 | 96.92 | NOTE | |
| r-devel-windows-x86_64 | 1.0.1 | 9.00 | 62.00 | 71.00 | OK | |
| r-patched-linux-x86_64 | 1.0.1 | 8.53 | 41.81 | 50.34 | NOTE | |
| r-release-linux-x86_64 | 1.0.1 | 7.73 | 42.33 | 50.06 | NOTE | |
| r-release-macos-arm64 | 1.0.1 | 4.00 | 44.00 | 48.00 | OK | |
| r-release-macos-x86_64 | 1.0.1 | 9.00 | 91.00 | 100.00 | OK | |
| r-release-windows-x86_64 | 1.0.1 | 8.00 | 62.00 | 70.00 | OK | |
| r-oldrel-macos-arm64 | 1.0.1 | 4.00 | 30.00 | 34.00 | OK | |
| r-oldrel-macos-x86_64 | 1.0.1 | 6.00 | 48.00 | 54.00 | OK | |
| r-oldrel-windows-x86_64 | 1.0.1 | 12.00 | 77.00 | 89.00 | OK | 
Version: 1.0.1
Check: CRAN incoming feasibility
Result: NOTE
  Maintainer: ‘Julian Busch <jb@quants.ch>’
  
  No Authors@R field in DESCRIPTION.
  Please add one, modifying
    Authors@R: person(given = "Julian",
                      family = "Busch",
                      role = c("aut", "cre"),
                      email = "jb@quants.ch")
  as necessary.
Flavors: r-devel-linux-x86_64-debian-clang, r-devel-linux-x86_64-debian-gcc
Version: 1.0.1
Check: for non-standard things in the check directory
Result: NOTE
  Found the following files/directories:
    ‘myNewStrat.R’
Flavors: r-devel-linux-x86_64-debian-clang, r-devel-linux-x86_64-debian-gcc, r-devel-linux-x86_64-fedora-clang, r-devel-linux-x86_64-fedora-gcc, r-patched-linux-x86_64, r-release-linux-x86_64