Last updated on 2025-11-03 12:50:04 CET.
| Flavor | Version | Tinstall | Tcheck | Ttotal | Status | Flags | 
|---|---|---|---|---|---|---|
| r-devel-linux-x86_64-debian-clang | 1.16.0 | 72.48 | 373.55 | 446.03 | OK | |
| r-devel-linux-x86_64-debian-gcc | 1.16.0 | 44.79 | 267.43 | 312.22 | OK | |
| r-devel-linux-x86_64-fedora-clang | 1.16.0 | 371.00 | 375.78 | 746.78 | OK | |
| r-devel-linux-x86_64-fedora-gcc | 1.16.0 | 135.00 | OK | |||
| r-devel-windows-x86_64 | 1.16.0 | 81.00 | 359.00 | 440.00 | OK | |
| r-patched-linux-x86_64 | 1.16.0 | 0.46 | 1.75 | 2.21 | ERROR | |
| r-release-linux-x86_64 | 1.16.0 | 62.23 | 360.85 | 423.08 | OK | |
| r-release-macos-arm64 | 1.16.0 | 30.00 | 133.00 | 163.00 | OK | |
| r-release-macos-x86_64 | 1.16.0 | 66.00 | 293.00 | 359.00 | OK | |
| r-release-windows-x86_64 | 1.16.0 | 82.00 | 358.00 | 440.00 | OK | |
| r-oldrel-macos-arm64 | 1.16.0 | 30.00 | 146.00 | 176.00 | NOTE | |
| r-oldrel-macos-x86_64 | 1.16.0 | 69.00 | 295.00 | 364.00 | NOTE | |
| r-oldrel-windows-x86_64 | 1.16.0 | 102.00 | 666.00 | 768.00 | NOTE | 
Version: 1.16.0
Check: package dependencies
Result: ERROR
  Package required but not available: ‘GenomeInfoDb’
  
  Packages suggested but not available for checking:
    'chromVAR', 'SummarizedExperiment', 'TFBSTools', 'motifmatchr',
    'BSgenome', 'rtracklayer', 'biovizBase'
  
  See section ‘The DESCRIPTION file’ in the ‘Writing R Extensions’
  manual.
Flavor: r-patched-linux-x86_64
Version: 1.16.0
Check: installed package size
Result: NOTE
    installed size is 14.8Mb
    sub-directories of 1Mb or more:
      R         2.0Mb
      extdata   9.8Mb
      libs      1.9Mb
Flavors: r-oldrel-macos-arm64, r-oldrel-macos-x86_64, r-oldrel-windows-x86_64