CRAN Package Check Results for Package ShapleyValue

Last updated on 2025-07-04 00:50:18 CEST.

Flavor Version Tinstall Tcheck Ttotal Status Flags
r-devel-linux-x86_64-debian-clang 0.2.0 2.14 25.34 27.48 NOTE
r-devel-linux-x86_64-debian-gcc 0.2.0 1.50 19.81 21.31 NOTE
r-devel-linux-x86_64-fedora-clang 0.2.0 43.20 NOTE
r-devel-linux-x86_64-fedora-gcc 0.2.0 58.90 NOTE
r-devel-windows-x86_64 0.2.0 3.00 46.00 49.00 OK
r-patched-linux-x86_64 0.2.0 1.91 23.68 25.59 OK
r-release-linux-x86_64 0.2.0 1.96 23.35 25.31 OK
r-release-macos-arm64 0.2.0 26.00 OK
r-release-macos-x86_64 0.2.0 45.00 OK
r-release-windows-x86_64 0.2.0 3.00 44.00 47.00 OK
r-oldrel-macos-arm64 0.2.0 23.00 OK
r-oldrel-macos-x86_64 0.2.0 43.00 OK
r-oldrel-windows-x86_64 0.2.0 5.00 51.00 56.00 OK

Check Details

Version: 0.2.0
Check: CRAN incoming feasibility
Result: NOTE Maintainer: ‘Jingyi Liang <jingyiliang19@163.com>’ No Authors@R field in DESCRIPTION. Please add one, modifying Authors@R: person(given = "Jingyi", family = "Liang", role = c("aut", "cre"), email = "jingyiliang19@163.com") as necessary. Flavors: r-devel-linux-x86_64-debian-clang, r-devel-linux-x86_64-debian-gcc

Version: 0.2.0
Check: dependencies in R code
Result: NOTE Namespaces in Imports field not imported from: ‘MASS’ ‘kableExtra’ ‘tidyverse’ All declared Imports should be used. Flavors: r-devel-linux-x86_64-fedora-clang, r-devel-linux-x86_64-fedora-gcc