Last updated on 2024-07-18 01:55:43 CEST.
Flavor | Version | Tinstall | Tcheck | Ttotal | Status | Flags |
---|---|---|---|---|---|---|
r-devel-linux-x86_64-debian-clang | 0.3.1 | 55.37 | 356.90 | 412.27 | NOTE | |
r-devel-linux-x86_64-debian-gcc | 0.3.1 | 39.63 | 257.75 | 297.38 | NOTE | |
r-devel-linux-x86_64-fedora-clang | 0.3.1 | 519.71 | NOTE | |||
r-devel-linux-x86_64-fedora-gcc | 0.3.1 | 526.14 | NOTE | |||
r-devel-windows-x86_64 | 0.3.1 | 31.00 | 207.00 | 238.00 | OK | |
r-patched-linux-x86_64 | 0.3.1 | 54.71 | 338.89 | 393.60 | NOTE | |
r-release-linux-x86_64 | 0.3.1 | 50.91 | 340.78 | 391.69 | NOTE | |
r-release-macos-arm64 | 0.3.1 | 254.00 | OK | |||
r-release-macos-x86_64 | 0.3.1 | 260.00 | OK | |||
r-release-windows-x86_64 | 0.3.1 | 33.00 | 211.00 | 244.00 | OK | |
r-oldrel-macos-arm64 | 0.3.1 | 126.00 | OK | |||
r-oldrel-macos-x86_64 | 0.3.1 | 338.00 | OK | |||
r-oldrel-windows-x86_64 | 0.3.1 | 40.00 | 288.00 | 328.00 | OK |
Version: 0.3.1
Check: for non-standard things in the check directory
Result: NOTE
Found the following files/directories:
‘assocpointpair_result.csv’ ‘foundereffectfinder_result.csv’
‘getfreqs_result.csv’ ‘getfreqs_result.png’ ‘orPlot.pdf1_1.pdf’
‘orPlot.pdf2_1.pdf’ ‘orPlot.pdf3_1.pdf’ ‘orPlot.pdf4_1.pdf’
‘orPlot.pdf5_1.pdf’ ‘orPlot.pdf6_1.pdf’ ‘orPlot.pdf7_1.pdf’
‘orPlot.pdf8_1.pdf’ ‘q-values_result.csv’ ‘rewritetuple_result.csv’
‘tartan_plot.pdf’ ‘vispair_plot.pdf’ ‘vispairfeat_plot.pdf’
‘volcano_plot.pdf’
Flavors: r-devel-linux-x86_64-debian-clang, r-devel-linux-x86_64-debian-gcc, r-devel-linux-x86_64-fedora-clang, r-devel-linux-x86_64-fedora-gcc, r-patched-linux-x86_64, r-release-linux-x86_64