Last updated on 2025-11-03 12:50:05 CET.
| Flavor | Version | Tinstall | Tcheck | Ttotal | Status | Flags | 
|---|---|---|---|---|---|---|
| r-devel-linux-x86_64-debian-clang | 1.3-8 | 20.21 | 35.67 | 55.88 | NOTE | |
| r-devel-linux-x86_64-debian-gcc | 1.3-8 | 11.68 | 28.24 | 39.92 | NOTE | |
| r-devel-linux-x86_64-fedora-clang | 1.3-8 | 114.00 | -13.64 | 100.36 | OK | |
| r-devel-linux-x86_64-fedora-gcc | 1.3-8 | 41.00 | OK | |||
| r-devel-windows-x86_64 | 1.3-8 | 26.00 | 66.00 | 92.00 | OK | |
| r-patched-linux-x86_64 | 1.3-8 | 17.00 | 32.89 | 49.89 | OK | |
| r-release-linux-x86_64 | 1.3-8 | 17.11 | 32.71 | 49.82 | OK | |
| r-release-macos-arm64 | 1.3-8 | 9.00 | 20.00 | 29.00 | OK | |
| r-release-macos-x86_64 | 1.3-8 | 12.00 | 32.00 | 44.00 | OK | |
| r-release-windows-x86_64 | 1.3-8 | 23.00 | 65.00 | 88.00 | OK | |
| r-oldrel-macos-arm64 | 1.3-8 | 8.00 | 19.00 | 27.00 | OK | |
| r-oldrel-macos-x86_64 | 1.3-8 | 12.00 | 36.00 | 48.00 | OK | |
| r-oldrel-windows-x86_64 | 1.3-8 | 29.00 | 82.00 | 111.00 | OK | 
Version: 1.3-8
Check: CRAN incoming feasibility
Result: NOTE
  Maintainer: ‘Alexander Robitzsch <robitzsch@ipn.uni-kiel.de>’
  
  No Authors@R field in DESCRIPTION.
  Please add one, modifying
    Authors@R: c(person(given = "Alexander",
                        family = "Robitzsch",
                        role = c("aut", "cre"),
                        email = "robitzsch@ipn.uni-kiel.de",
                        comment = c(ORCID = "0000-0002-8226-3132")),
                 person(given = "Oliver",
                        family = "Luedtke",
                        role = "aut",
                        comment = c(ORCID = "0000-0001-9744-3059")))
  as necessary.
  
  Package CITATION file contains call(s) to old-style personList() or
  as.personList().  Please use c() on person objects instead.
  Package CITATION file contains call(s) to old-style citEntry().  Please
  use bibentry() instead.
Flavors: r-devel-linux-x86_64-debian-clang, r-devel-linux-x86_64-debian-gcc