Last updated on 2025-11-03 12:50:05 CET.
| Flavor | Version | Tinstall | Tcheck | Ttotal | Status | Flags | 
|---|---|---|---|---|---|---|
| r-devel-linux-x86_64-debian-clang | 2.0 | 7.43 | 72.55 | 79.98 | NOTE | |
| r-devel-linux-x86_64-debian-gcc | 2.0 | 5.85 | 55.56 | 61.41 | NOTE | |
| r-devel-linux-x86_64-fedora-clang | 2.0 | 17.00 | 104.49 | 121.49 | OK | |
| r-devel-linux-x86_64-fedora-gcc | 2.0 | 17.00 | 99.27 | 116.27 | OK | |
| r-devel-windows-x86_64 | 2.0 | 9.00 | 92.00 | 101.00 | OK | |
| r-patched-linux-x86_64 | 2.0 | 7.96 | 68.69 | 76.65 | OK | |
| r-release-linux-x86_64 | 2.0 | 6.53 | 69.16 | 75.69 | OK | |
| r-release-macos-arm64 | 2.0 | 4.00 | 37.00 | 41.00 | OK | |
| r-release-macos-x86_64 | 2.0 | 11.00 | 70.00 | 81.00 | OK | |
| r-release-windows-x86_64 | 2.0 | 9.00 | 90.00 | 99.00 | OK | |
| r-oldrel-macos-arm64 | 2.0 | 3.00 | 34.00 | 37.00 | OK | |
| r-oldrel-macos-x86_64 | 2.0 | 5.00 | 61.00 | 66.00 | OK | |
| r-oldrel-windows-x86_64 | 2.0 | 11.00 | 109.00 | 120.00 | OK | 
Version: 2.0
Check: CRAN incoming feasibility
Result: NOTE
  Maintainer: ‘E. P. Adams <eric.adams@orau.org>’
  
  No Authors@R field in DESCRIPTION.
  Please add one, modifying
    Authors@R: c(person(given = c("E.", "L."),
                        family = "Frome",
                        role = "aut",
                        email = "fromeEL@ornl.gov"),
                 person(given = c("D.", "P."),
                        family = "Frome",
                        role = "aut"),
                 person(given = c("E.", "P."),
                        family = "Adams",
                        role = "cre",
                        email = "eric.adams@orau.org"))
  as necessary.
Flavors: r-devel-linux-x86_64-debian-clang, r-devel-linux-x86_64-debian-gcc