Last updated on 2025-07-04 00:50:19 CEST.
Flavor | Version | Tinstall | Tcheck | Ttotal | Status | Flags |
---|---|---|---|---|---|---|
r-devel-linux-x86_64-debian-clang | 1.1.2 | 13.39 | 102.60 | 115.99 | OK | |
r-devel-linux-x86_64-debian-gcc | 1.1.2 | 10.22 | 73.60 | 83.82 | OK | |
r-devel-linux-x86_64-fedora-clang | 1.1.2 | 171.19 | NOTE | |||
r-devel-linux-x86_64-fedora-gcc | 1.1.2 | 165.01 | NOTE | |||
r-devel-windows-x86_64 | 1.1.2 | 14.00 | 102.00 | 116.00 | OK | |
r-patched-linux-x86_64 | 1.1.2 | 11.67 | 95.52 | 107.19 | OK | |
r-release-linux-x86_64 | 1.1.2 | 12.86 | 94.05 | 106.91 | OK | |
r-release-macos-arm64 | 1.1.2 | 49.00 | OK | |||
r-release-macos-x86_64 | 1.1.2 | 86.00 | OK | |||
r-release-windows-x86_64 | 1.1.2 | 15.00 | 103.00 | 118.00 | OK | |
r-oldrel-macos-arm64 | 1.1.2 | 43.00 | OK | |||
r-oldrel-macos-x86_64 | 1.1.2 | 69.00 | OK | |||
r-oldrel-windows-x86_64 | 1.1.2 | 18.00 | 130.00 | 148.00 | OK |
Version: 1.1.2
Check: dependencies in R code
Result: NOTE
Namespace in Imports field not imported from: ‘rlist’
All declared Imports should be used.
Flavors: r-devel-linux-x86_64-fedora-clang, r-devel-linux-x86_64-fedora-gcc