CRAN Package Check Results for Package SOAs

Last updated on 2025-07-04 00:50:19 CEST.

Flavor Version Tinstall Tcheck Ttotal Status Flags
r-devel-linux-x86_64-debian-clang 1.4 8.87 104.97 113.84 NOTE
r-devel-linux-x86_64-debian-gcc 1.4 6.76 71.01 77.77 NOTE
r-devel-linux-x86_64-fedora-clang 1.4 183.82 OK
r-devel-linux-x86_64-fedora-gcc 1.4 180.12 OK
r-devel-windows-x86_64 1.4 11.00 124.00 135.00 NOTE
r-patched-linux-x86_64 1.4 10.36 102.41 112.77 NOTE
r-release-linux-x86_64 1.4 8.02 99.04 107.06 NOTE
r-release-macos-arm64 1.4 51.00 OK
r-release-macos-x86_64 1.4 91.00 OK
r-release-windows-x86_64 1.4 10.00 123.00 133.00 NOTE
r-oldrel-macos-arm64 1.4 46.00 OK
r-oldrel-macos-x86_64 1.4 73.00 OK
r-oldrel-windows-x86_64 1.4 14.00 154.00 168.00 OK

Check Details

Version: 1.4
Check: Rd cross-references
Result: NOTE Found the following Rd file(s) with Rd \link{} targets missing package anchors: createSaturated.Rd: FrF2, DoE.base Please provide package anchors for all Rd \link{} targets not in the package itself and the base packages. Flavors: r-devel-linux-x86_64-debian-clang, r-devel-linux-x86_64-debian-gcc, r-devel-windows-x86_64, r-patched-linux-x86_64, r-release-linux-x86_64, r-release-windows-x86_64