Last updated on 2025-11-03 12:50:04 CET.
| Flavor | Version | Tinstall | Tcheck | Ttotal | Status | Flags | 
|---|---|---|---|---|---|---|
| r-devel-linux-x86_64-debian-clang | 2.3.1 | 2.32 | 37.73 | 40.05 | NOTE | |
| r-devel-linux-x86_64-debian-gcc | 2.3.1 | 2.02 | 31.23 | 33.25 | NOTE | |
| r-devel-linux-x86_64-fedora-clang | 2.3.1 | 60.87 | OK | |||
| r-devel-linux-x86_64-fedora-gcc | 2.3.1 | 14.00 | 47.81 | 61.81 | OK | |
| r-devel-windows-x86_64 | 2.3.1 | 4.00 | 61.00 | 65.00 | OK | |
| r-patched-linux-x86_64 | 2.3.1 | 2.68 | 41.64 | 44.32 | OK | |
| r-release-linux-x86_64 | 2.3.1 | 2.07 | 41.57 | 43.64 | OK | |
| r-release-macos-arm64 | 2.3.1 | 1.00 | 26.00 | 27.00 | OK | |
| r-release-macos-x86_64 | 2.3.1 | 3.00 | 43.00 | 46.00 | OK | |
| r-release-windows-x86_64 | 2.3.1 | 4.00 | 61.00 | 65.00 | OK | |
| r-oldrel-macos-arm64 | 2.3.1 | 1.00 | 25.00 | 26.00 | OK | |
| r-oldrel-macos-x86_64 | 2.3.1 | 3.00 | 54.00 | 57.00 | OK | |
| r-oldrel-windows-x86_64 | 2.3.1 | 5.00 | 75.00 | 80.00 | OK | 
Version: 2.3.1
Check: CRAN incoming feasibility
Result: NOTE
  Maintainer: ‘Benjamin Brew <goldenberglab@gmail.com>’
  
  No Authors@R field in DESCRIPTION.
  Please add one, modifying
    Authors@R: c(person(given = "Bo",
                        family = "Wang",
                        role = "aut"),
                 person(given = "Aziz",
                        family = "Mezlini",
                        role = "aut"),
                 person(given = "Feyyaz",
                        family = "Demir",
                        role = "aut"),
                 person(given = "Marc",
                        family = "Fiume",
                        role = "aut"),
                 person(given = "Zhuowen",
                        family = "Tu",
                        role = "aut"),
                 person(given = "Michael",
                        family = "Brudno",
                        role = "aut"),
                 person(given = "Benjamin",
                        family = "Haibe-Kains",
                        role = "aut"),
                 person(given = "Anna",
                        family = "Goldenberg",
                        role = "aut"),
                 person(given = "Benjamin",
                        family = "Brew",
                        role = "cre",
                        email = "goldenberglab@gmail.com"))
  as necessary.
Flavors: r-devel-linux-x86_64-debian-clang, r-devel-linux-x86_64-debian-gcc