Last updated on 2025-11-03 12:50:04 CET.
| Flavor | Version | Tinstall | Tcheck | Ttotal | Status | Flags | 
|---|---|---|---|---|---|---|
| r-devel-linux-x86_64-debian-clang | 0.2.4 | 39.29 | 82.01 | 121.30 | NOTE | |
| r-devel-linux-x86_64-debian-gcc | 0.2.4 | 35.15 | 56.98 | 92.13 | NOTE | |
| r-devel-linux-x86_64-fedora-clang | 0.2.4 | 88.00 | 102.19 | 190.19 | OK | |
| r-devel-linux-x86_64-fedora-gcc | 0.2.4 | 104.00 | 102.29 | 206.29 | OK | |
| r-devel-windows-x86_64 | 0.2.4 | 44.00 | 106.00 | 150.00 | OK | |
| r-patched-linux-x86_64 | 0.2.4 | 44.96 | 77.74 | 122.70 | OK | |
| r-release-linux-x86_64 | 0.2.4 | 43.45 | 78.81 | 122.26 | OK | |
| r-release-macos-arm64 | 0.2.4 | 18.00 | 30.00 | 48.00 | OK | |
| r-release-macos-x86_64 | 0.2.4 | 31.00 | 53.00 | 84.00 | OK | |
| r-release-windows-x86_64 | 0.2.4 | 45.00 | 103.00 | 148.00 | OK | |
| r-oldrel-macos-arm64 | 0.2.4 | 18.00 | 32.00 | 50.00 | NOTE | |
| r-oldrel-macos-x86_64 | 0.2.4 | 25.00 | 43.00 | 68.00 | NOTE | |
| r-oldrel-windows-x86_64 | 0.2.4 | 55.00 | 137.00 | 192.00 | OK | 
Version: 0.2.4
Check: CRAN incoming feasibility
Result: NOTE
  Maintainer: ‘Hanmo Li <hanmo@pstat.ucsb.edu>’
  
  The Description field contains
    Mengyang Gu (2023), <arXiv:2310.18611>.
  Please refer to arXiv e-prints via their arXiv DOI <doi:10.48550/arXiv.YYMM.NNNNN>.
Flavors: r-devel-linux-x86_64-debian-clang, r-devel-linux-x86_64-debian-gcc
Version: 0.2.4
Check: installed package size
Result: NOTE
    installed size is 15.5Mb
    sub-directories of 1Mb or more:
      libs  15.3Mb
Flavors: r-oldrel-macos-arm64, r-oldrel-macos-x86_64