Last updated on 2025-11-03 12:50:04 CET.
| Flavor | Version | Tinstall | Tcheck | Ttotal | Status | Flags | 
|---|---|---|---|---|---|---|
| r-devel-linux-x86_64-debian-clang | 1.1.0 | 2.25 | 26.35 | 28.60 | OK | |
| r-devel-linux-x86_64-debian-gcc | 1.1.0 | 1.93 | 20.59 | 22.52 | OK | |
| r-devel-linux-x86_64-fedora-clang | 1.1.0 | 43.28 | NOTE | |||
| r-devel-linux-x86_64-fedora-gcc | 1.1.0 | 41.11 | NOTE | |||
| r-devel-windows-x86_64 | 1.1.0 | 5.00 | 43.00 | 48.00 | OK | |
| r-patched-linux-x86_64 | 1.1.0 | 2.32 | 24.60 | 26.92 | OK | |
| r-release-linux-x86_64 | 1.1.0 | 2.51 | 24.87 | 27.38 | OK | |
| r-release-macos-arm64 | 1.1.0 | 1.00 | 18.00 | 19.00 | OK | |
| r-release-macos-x86_64 | 1.1.0 | 2.00 | 26.00 | 28.00 | OK | |
| r-release-windows-x86_64 | 1.1.0 | 5.00 | 42.00 | 47.00 | OK | |
| r-oldrel-macos-arm64 | 1.1.0 | 1.00 | 16.00 | 17.00 | OK | |
| r-oldrel-macos-x86_64 | 1.1.0 | 2.00 | 27.00 | 29.00 | OK | |
| r-oldrel-windows-x86_64 | 1.1.0 | 6.00 | 52.00 | 58.00 | OK | 
Version: 1.1.0
Check: dependencies in R code
Result: NOTE
  Namespaces in Imports field not imported from:
    ‘dplyr’ ‘magrittr’ ‘psych’ ‘stringr’
    All declared Imports should be used.
Flavors: r-devel-linux-x86_64-fedora-clang, r-devel-linux-x86_64-fedora-gcc