Last updated on 2024-07-18 01:55:42 CEST.
Flavor | Version | Tinstall | Tcheck | Ttotal | Status | Flags |
---|---|---|---|---|---|---|
r-devel-linux-x86_64-debian-clang | 1.0 | 1.93 | 32.82 | 34.75 | OK | |
r-devel-linux-x86_64-debian-gcc | 1.0 | 1.65 | 24.93 | 26.58 | OK | |
r-devel-linux-x86_64-fedora-clang | 1.0 | 43.80 | NOTE | |||
r-devel-linux-x86_64-fedora-gcc | 1.0 | 44.91 | OK | |||
r-devel-windows-x86_64 | 1.0 | 3.00 | 46.00 | 49.00 | OK | |
r-patched-linux-x86_64 | 1.0 | 1.87 | 32.05 | 33.92 | OK | |
r-release-linux-x86_64 | 1.0 | 1.97 | 32.08 | 34.05 | OK | |
r-release-macos-arm64 | 1.0 | 17.00 | OK | |||
r-release-macos-x86_64 | 1.0 | 24.00 | OK | |||
r-release-windows-x86_64 | 1.0 | 3.00 | 47.00 | 50.00 | OK | |
r-oldrel-macos-arm64 | 1.0 | 16.00 | OK | |||
r-oldrel-macos-x86_64 | 1.0 | 24.00 | OK | |||
r-oldrel-windows-x86_64 | 1.0 | 3.00 | 48.00 | 51.00 | OK |
Version: 1.0
Check: Rd cross-references
Result: NOTE
Undeclared packages ‘EDNE.EQ’, ‘T2EQ’ in Rd xrefs
Flavor: r-devel-linux-x86_64-fedora-clang