Last updated on 2025-11-03 12:50:03 CET.
| Flavor | Version | Tinstall | Tcheck | Ttotal | Status | Flags | 
|---|---|---|---|---|---|---|
| r-devel-linux-x86_64-debian-clang | 1.0.0 | 53.47 | 431.56 | 485.03 | OK | |
| r-devel-linux-x86_64-debian-gcc | 1.0.0 | 38.95 | 304.64 | 343.59 | OK | |
| r-devel-linux-x86_64-fedora-clang | 1.0.0 | 293.00 | 530.16 | 823.16 | OK | |
| r-devel-linux-x86_64-fedora-gcc | 1.0.0 | 223.00 | OK | |||
| r-devel-windows-x86_64 | 1.0.0 | 56.00 | 348.00 | 404.00 | OK | |
| r-patched-linux-x86_64 | 1.0.0 | 0.36 | 1.85 | 2.21 | ERROR | |
| r-release-linux-x86_64 | 1.0.0 | 54.21 | 415.75 | 469.96 | OK | |
| r-release-macos-arm64 | 1.0.0 | 24.00 | 154.00 | 178.00 | OK | |
| r-release-macos-x86_64 | 1.0.0 | 66.00 | 407.00 | 473.00 | OK | |
| r-release-windows-x86_64 | 1.0.0 | 53.00 | 340.00 | 393.00 | OK | |
| r-oldrel-macos-arm64 | 1.0.0 | 27.00 | 165.00 | 192.00 | OK | |
| r-oldrel-macos-x86_64 | 1.0.0 | 36.00 | 229.00 | 265.00 | NOTE | |
| r-oldrel-windows-x86_64 | 1.0.0 | 79.00 | 476.00 | 555.00 | OK | 
Version: 1.0.0
Check: package dependencies
Result: ERROR
  Package required but not available: ‘glmGamPoi’
  
  Packages suggested but not available for checking:
    'DESeq2', 'scater', 'scran', 'SingleCellExperiment'
  
  See section ‘The DESCRIPTION file’ in the ‘Writing R Extensions’
  manual.
Flavor: r-patched-linux-x86_64
Version: 1.0.0
Check: package dependencies
Result: NOTE
  Package suggested but not available for checking: ‘Linnorm’
Flavor: r-oldrel-macos-x86_64